{"id":33803,"date":"2019-10-31T23:54:07","date_gmt":"2019-10-31T20:54:07","guid":{"rendered":"http:\/\/www.tuky.fi\/etusivu\/?page_id=33803"},"modified":"2026-04-10T19:15:30","modified_gmt":"2026-04-10T16:15:30","slug":"tarkeita-linkkeja","status":"publish","type":"page","link":"https:\/\/www.tuky.fi\/etusivu\/opiskelu\/tarkeita-linkkeja\/","title":{"rendered":"T\u00e4rkeit\u00e4 linkkej\u00e4"},"content":{"rendered":"<p>[et_pb_section fb_built=&#8221;1&#8243; _builder_version=&#8221;4.16&#8243; global_colors_info=&#8221;{}&#8221;][et_pb_row _builder_version=&#8221;4.16&#8243; global_colors_info=&#8221;{}&#8221;][et_pb_column type=&#8221;4_4&#8243; _builder_version=&#8221;4.16&#8243; global_colors_info=&#8221;{}&#8221;][et_pb_image src=&#8221;http:\/\/www.tuky.fi\/wp-content\/uploads\/2019\/11\/dokumentin-nimi__6.jpg&#8221; _builder_version=&#8221;4.16&#8243; width=&#8221;100%&#8221; global_colors_info=&#8221;{}&#8221;][\/et_pb_image][\/et_pb_column][\/et_pb_row][\/et_pb_section][et_pb_section fb_built=&#8221;1&#8243; _builder_version=&#8221;4.16&#8243; global_colors_info=&#8221;{}&#8221;][et_pb_row _builder_version=&#8221;4.16&#8243; global_colors_info=&#8221;{}&#8221;][et_pb_column type=&#8221;4_4&#8243; _builder_version=&#8221;4.16&#8243; global_colors_info=&#8221;{}&#8221;][et_pb_text _builder_version=&#8221;4.16&#8243; global_colors_info=&#8221;{}&#8221;]<\/p>\n<p style=\"text-align: center;\">Meist\u00e4 l\u00e4hes jokainen kysyy jossain vaiheessa n\u00e4it\u00e4 kysymyksi\u00e4 itselt\u00e4\u00e4n, kaveriltaan ja v\u00e4lill\u00e4 jopa Jodelissa<\/p>\n<p style=\"text-align: center;\">Milloin se kurssi-ilmoittautuminen olikaan? Miten teen hyv\u00e4ksiluvun? Miten vaihto-opiskeluun meneminen toimii? Kuka se omaopettajani olikaan? Miten vaihdan p\u00e4\u00e4aineeni?<\/p>\n<p style=\"text-align: center;\">En\u00e4\u00e4 ei tarvitse kysy\u00e4. Katso alla olevasta listasta.\u00a0<\/p>\n<p>[\/et_pb_text][\/et_pb_column][\/et_pb_row][\/et_pb_section][et_pb_section fb_built=&#8221;1&#8243; _builder_version=&#8221;4.16&#8243; global_colors_info=&#8221;{}&#8221;][et_pb_row _builder_version=&#8221;4.16&#8243; background_size=&#8221;initial&#8221; background_position=&#8221;top_left&#8221; background_repeat=&#8221;repeat&#8221; custom_padding=&#8221;|0px||||&#8221; global_colors_info=&#8221;{}&#8221;][et_pb_column type=&#8221;4_4&#8243; _builder_version=&#8221;4.16&#8243; custom_padding=&#8221;|||&#8221; global_colors_info=&#8221;{}&#8221; custom_padding__hover=&#8221;|||&#8221;][et_pb_text _builder_version=&#8221;4.18.1&#8243; background_size=&#8221;initial&#8221; background_position=&#8221;top_left&#8221; background_repeat=&#8221;repeat&#8221; hover_enabled=&#8221;0&#8243; global_colors_info=&#8221;{}&#8221; sticky_enabled=&#8221;0&#8243;]<\/p>\n<p>&nbsp;<\/p>\n<p><!-- \/divi:paragraph --><\/p>\n<p><!-- divi:list --><\/p>\n<ul>\n<li><strong><a href=\"https:\/\/student.peppi.utu.fi\/\">Peppi. T\u00e4\u00e4ll\u00e4 on mm kurssi- ja tentti-ilmoittautuminen.<\/a><\/strong><\/li>\n<li><strong><a href=\"https:\/\/intranet.utu.fi\/fi\/Sivut\/opiskelija.aspx\">Intranet. L\u00e4hes kaiken voit l\u00f6yt\u00e4\u00e4 t\u00e4\u00e4lt\u00e4.<\/a><\/strong><\/li>\n<li><strong><a href=\"https:\/\/www.tuky.fi\/etusivu\/tenttiarkisto\/\">Vanhoja tenttej\u00e4.<\/a><\/strong><\/li>\n<li><strong><a href=\"https:\/\/www.utu.fi\/fi\/yliopisto\/turun-kauppakorkeakoulu\/opiskelu\/opintotoimisto-turku\">Opintotoimiston yhteystiedot.<\/a><\/strong><\/li>\n<li><strong><a href=\"https:\/\/intranet.utu.fi\/fi\/yksikot\/tse\/studying\/opintojen-ohjaus\/opintohallinon-henkilokunta\/Sivut\/default.aspx\">Opintotoimiston aukioloajat ja muuta tietoa.<\/a><\/strong><\/li>\n<li><strong><a href=\"https:\/\/opas.utu.fi\/tukkk\">Luentojen sijannit ja ajankohdat.<\/a><\/strong><\/li>\n<li><strong><a href=\"https:\/\/lukkarit.utu.fi\/#\/schedule\">Lukuj\u00e4rjestyksen tekeminen.<\/a><\/strong><\/li>\n<li><strong><a href=\"https:\/\/intranet.utu.fi\/fi\/yksikot\/tse\/studying\/tenttiminenjaopintosuoritukset\/Sivut\/Opintojen-hyv%C3%A4ksiluku.aspx\">Opintojen hyv\u00e4ksilukeminen.<\/a><\/strong><\/li>\n<li><strong><a href=\"https:\/\/intranet.utu.fi\/fi\/yksikot\/tse\/studying\/opintojen-ohjaus\/ohjaus-oppiaineissa\/Sivut\/default.aspx\">Vastuuopettajat ja opintojen ohjaus.<\/a><\/strong><\/li>\n<li><strong><a href=\"https:\/\/intranet.utu.fi\/fi\/yksikot\/tse\/faculty\/opettajalle\/omaopettajat\/omaopettajataineittain\/Sivut\/default.aspx\">Omaopettajat.<\/a><\/strong><\/li>\n<li><strong><a href=\"https:\/\/intranet.utu.fi\/fi\/yksikot\/tse\/studying\/kansainvalisyysopinnoissa\/hakeminenvaihtoon\/Sivut\/default.aspx\">Vaihto-opiskelu.<\/a><\/strong><\/li>\n<li><strong><a href=\"https:\/\/intranet.utu.fi\/fi\/yksikot\/tse\/studying\/valmistuminen_\/kokonaisuusmerkinnat\/Sivut\/default.aspx\">Kokonaisuusmerkinn\u00e4n hakeminen.<\/a><\/strong><\/li>\n<li><strong><a href=\"https:\/\/intranet.utu.fi\/fi\/yksikot\/tse\/studying\/opintojensuunnittelu\/harjoittelu\/Sivut\/default.aspx\">Tietoa harjoittelusta.<\/a><\/strong><\/li>\n<li><strong><a href=\"http:\/\/www.yrittajyysyliopisto.fi\/#etusivu\">Yritt\u00e4jyys ja opiskelu.<\/a><\/strong><\/li>\n<li><strong><a href=\"https:\/\/intranet.utu.fi\/fi\/yksikot\/tse\/studying\/opintojensuunnittelu\/paaaineentaierikoistumissuunnanvaihtaminen\/Sivut\/default.aspx\">P\u00e4\u00e4aineen vaihtaminen.<\/a><\/strong><\/li>\n<li><strong><a href=\"https:\/\/intranet.utu.fi\/index\/oikaisumenettely\/Sivut\/default.aspx\">Hae oikaisua &#8211; arvosana tai hyv\u00e4ksiluku ei tyydyt\u00e4.<\/a><\/strong><\/li>\n<\/ul>\n<p><!-- \/divi:list --><\/p>\n<p><!-- divi:paragraph --><\/p>\n<p><!-- \/divi:paragraph --><\/p>\n<p>[\/et_pb_text][\/et_pb_column][\/et_pb_row][\/et_pb_section]<\/p>\n","protected":false},"excerpt":{"rendered":"<p>Meist\u00e4 l\u00e4hes jokainen kysyy jossain vaiheessa n\u00e4it\u00e4 kysymyksi\u00e4 itselt\u00e4\u00e4n, kaveriltaan ja v\u00e4lill\u00e4 jopa Jodelissa Milloin se kurssi-ilmoittautuminen olikaan? Miten teen hyv\u00e4ksiluvun? Miten vaihto-opiskeluun meneminen toimii? Kuka se omaopettajani olikaan? Miten [&hellip;]<\/p>\n","protected":false},"author":8,"featured_media":0,"parent":33794,"menu_order":0,"comment_status":"closed","ping_status":"closed","template":"","meta":{"_et_pb_use_builder":"on","_et_pb_old_content":"<!-- wp:paragraph -->\n<p>L\u00f6yd\u00e4t alla olevasta listasta linkkej\u00e4, jotka usein voivat tulla tarpeeseen.<\/p>\n<!-- \/wp:paragraph -->\n\n<!-- wp:list -->\n<ul><li><a href=\"https:\/\/nettiopsu.utu.fi\/index\">Nettiopsu. T\u00e4\u00e4ll\u00e4 on mm kurssi- ja tentti-ilmoittautuminen<\/a>.<\/li><li><a href=\"https:\/\/intranet.utu.fi\/fi\/Sivut\/home.aspx\">Intranet. L\u00e4hes kaiken voit l\u00f6yt\u00e4\u00e4 t\u00e4\u00e4lt\u00e4.<\/a><\/li><li><a href=\"https:\/\/www.tuky.fi\/etusivu\/tenttiarkisto\/\">Vanhoja tenttej\u00e4.<\/a><\/li><li><a href=\"https:\/\/www.utu.fi\/fi\/yliopisto\/turun-kauppakorkeakoulu\/opiskelu\/opintotoimisto-turku\">Opintotoimiston yhteystiedot<\/a>.<\/li><li><a href=\"https:\/\/intranet.utu.fi\/fi\/yksikot\/tse\/studying\/opintojen-ohjaus\/opintohallinon-henkilokunta\/Sivut\/default.aspx\">Opintotoimiston aukioloajat ja muuta tietoa.<\/a><\/li><li><a href=\"https:\/\/opas.utu.fi\/tukkk\">Luentojen sijannit ja ajankohdat<\/a>.<\/li><li><a href=\"https:\/\/www.utu.fi\/fi\/yliopisto\/turun-kauppakorkeakoulu\/opiskelu\/turun-kauppakorkeakoulun-opetusohjelma-ja-opinto-oppaat\">Tutkintovaatimukset, opinto-oppaat ja ty\u00f6skentelyajat.<\/a><\/li><li><a href=\"https:\/\/www.utu.fi\/fi\/yliopisto\/turun-kauppakorkeakoulu\/yksikot tietoa yksik\u00f6ist\u00e4\/\">Yksik\u00f6iden yhteystiedot<\/a>.<\/li><li><a href=\"https:\/\/lukkarit.utu.fi\/#\/schedule\">Lukuj\u00e4rjestyksen tekeminen<\/a>.<\/li><li><a href=\"https:\/\/intranet.utu.fi\/fi\/yksikot\/tse\/studying\/tenttiminenjaopintosuoritukset\/Sivut\/Opintojen-hyv%C3%A4ksiluku.aspx\">Opintojen hyv\u00e4ksilukeminen<\/a>.<\/li><li><a href=\"https:\/\/intranet.utu.fi\/fi\/yksikot\/tse\/studying\/opintojen-ohjaus\/ohjaus-oppiaineissa\/Sivut\/default.aspx\">Vastuuopettajat ja opintojen ohjaus.<\/a><\/li><li><a href=\"https:\/\/intranet.utu.fi\/fi\/yksikot\/tse\/faculty\/opettajalle\/omaopettajat\/omaopettajataineittain\/Sivut\/default.aspx\">Omaopettajat.<\/a><\/li><li><a href=\"https:\/\/intranet.utu.fi\/fi\/yksikot\/tse\/studying\/kansainvalisyysopinnoissa\/hakeminenvaihtoon\/Sivut\/default.aspx\">Vaihto-opiskelu.<\/a><\/li><li><a href=\"https:\/\/intranet.utu.fi\/fi\/yksikot\/tse\/studying\/valmistuminen_\/kokonaisuusmerkinnat\/Sivut\/default.aspx\">Kokonaisuusmerkinn\u00e4n hakeminen.<\/a><\/li><li><a href=\"https:\/\/intranet.utu.fi\/fi\/yksikot\/tse\/studying\/opintojensuunnittelu\/harjoittelu\/Sivut\/default.aspx\">Tietoa harjoittelusta<\/a>.<\/li><li><a href=\"http:\/\/www.yrittajyysyliopisto.fi\/#etusivu\">Yritt\u00e4jyys ja opiskelu<\/a>.<\/li><li><a href=\"https:\/\/intranet.utu.fi\/fi\/yksikot\/tse\/studying\/opintojensuunnittelu\/paaaineentaierikoistumissuunnanvaihtaminen\/Sivut\/default.aspx\">P\u00e4\u00e4aineen vaihtaminen.<\/a><\/li><li><a href=\"https:\/\/intranet.utu.fi\/index\/oikaisumenettely\/Sivut\/default.aspx\">Hae oikaisua - arvosana tai hyv\u00e4ksiluku ei tyydyt\u00e4.<\/a><\/li><\/ul>\n<!-- \/wp:list -->\n\n<!-- wp:paragraph -->\n<p><\/p>\n<!-- \/wp:paragraph -->","_et_gb_content_width":"","footnotes":""},"class_list":["post-33803","page","type-page","status-publish","hentry"],"yoast_head":"<!-- This site is optimized with the Yoast SEO plugin v27.2 - https:\/\/yoast.com\/product\/yoast-seo-wordpress\/ -->\n<title>Turun KY T\u00e4rkeit\u00e4 linkkej\u00e4<\/title>\n<meta name=\"robots\" content=\"index, follow, max-snippet:-1, max-image-preview:large, max-video-preview:-1\" \/>\n<link rel=\"canonical\" href=\"https:\/\/www.tuky.fi\/etusivu\/opiskelu\/tarkeita-linkkeja\/\" \/>\n<meta property=\"og:locale\" content=\"fi_FI\" \/>\n<meta property=\"og:type\" content=\"article\" \/>\n<meta property=\"og:title\" content=\"Turun KY T\u00e4rkeit\u00e4 linkkej\u00e4\" \/>\n<meta property=\"og:description\" content=\"Meist\u00e4 l\u00e4hes jokainen kysyy jossain vaiheessa n\u00e4it\u00e4 kysymyksi\u00e4 itselt\u00e4\u00e4n, kaveriltaan ja v\u00e4lill\u00e4 jopa Jodelissa Milloin se kurssi-ilmoittautuminen olikaan? Miten teen hyv\u00e4ksiluvun? Miten vaihto-opiskeluun meneminen toimii? Kuka se omaopettajani olikaan? Miten [&hellip;]\" \/>\n<meta property=\"og:url\" content=\"https:\/\/www.tuky.fi\/etusivu\/opiskelu\/tarkeita-linkkeja\/\" \/>\n<meta property=\"og:site_name\" content=\"Turun KY\" \/>\n<meta property=\"article:modified_time\" content=\"2026-04-10T16:15:30+00:00\" \/>\n<meta name=\"twitter:card\" content=\"summary_large_image\" \/>\n<meta name=\"twitter:label1\" content=\"Arvioitu lukuaika\" \/>\n\t<meta name=\"twitter:data1\" content=\"1 minuutti\" \/>\n<script type=\"application\/ld+json\" class=\"yoast-schema-graph\">{\"@context\":\"https:\/\/schema.org\",\"@graph\":[{\"@type\":\"WebPage\",\"@id\":\"https:\/\/www.tuky.fi\/etusivu\/opiskelu\/tarkeita-linkkeja\/\",\"url\":\"https:\/\/www.tuky.fi\/etusivu\/opiskelu\/tarkeita-linkkeja\/\",\"name\":\"Turun KY T\u00e4rkeit\u00e4 linkkej\u00e4\",\"isPartOf\":{\"@id\":\"https:\/\/www.tuky.fi\/etusivu\/#website\"},\"datePublished\":\"2019-10-31T20:54:07+00:00\",\"dateModified\":\"2026-04-10T16:15:30+00:00\",\"breadcrumb\":{\"@id\":\"https:\/\/www.tuky.fi\/etusivu\/opiskelu\/tarkeita-linkkeja\/#breadcrumb\"},\"inLanguage\":\"fi\",\"potentialAction\":[{\"@type\":\"ReadAction\",\"target\":[\"https:\/\/www.tuky.fi\/etusivu\/opiskelu\/tarkeita-linkkeja\/\"]}]},{\"@type\":\"BreadcrumbList\",\"@id\":\"https:\/\/www.tuky.fi\/etusivu\/opiskelu\/tarkeita-linkkeja\/#breadcrumb\",\"itemListElement\":[{\"@type\":\"ListItem\",\"position\":1,\"name\":\"Etusivu\",\"item\":\"https:\/\/www.tuky.fi\/etusivu\/\"},{\"@type\":\"ListItem\",\"position\":2,\"name\":\"Opiskelu\",\"item\":\"https:\/\/www.tuky.fi\/etusivu\/opiskelu\/\"},{\"@type\":\"ListItem\",\"position\":3,\"name\":\"T\u00e4rkeit\u00e4 linkkej\u00e4\"}]},{\"@type\":\"WebSite\",\"@id\":\"https:\/\/www.tuky.fi\/etusivu\/#website\",\"url\":\"https:\/\/www.tuky.fi\/etusivu\/\",\"name\":\"Turun KY\",\"description\":\"TuKY\",\"publisher\":{\"@id\":\"https:\/\/www.tuky.fi\/etusivu\/#organization\"},\"alternateName\":\"TuKY\",\"potentialAction\":[{\"@type\":\"SearchAction\",\"target\":{\"@type\":\"EntryPoint\",\"urlTemplate\":\"https:\/\/www.tuky.fi\/etusivu\/?s={search_term_string}\"},\"query-input\":{\"@type\":\"PropertyValueSpecification\",\"valueRequired\":true,\"valueName\":\"search_term_string\"}}],\"inLanguage\":\"fi\"},{\"@type\":\"Organization\",\"@id\":\"https:\/\/www.tuky.fi\/etusivu\/#organization\",\"name\":\"Turun KY\",\"alternateName\":\"TuKY\",\"url\":\"https:\/\/www.tuky.fi\/etusivu\/\",\"logo\":{\"@type\":\"ImageObject\",\"inLanguage\":\"fi\",\"@id\":\"https:\/\/www.tuky.fi\/etusivu\/#\/schema\/logo\/image\/\",\"url\":\"https:\/\/www.tuky.fi\/wp-content\/uploads\/2024\/09\/TuKY-logo-kulta-1.png\",\"contentUrl\":\"https:\/\/www.tuky.fi\/wp-content\/uploads\/2024\/09\/TuKY-logo-kulta-1.png\",\"width\":1080,\"height\":1080,\"caption\":\"Turun KY\"},\"image\":{\"@id\":\"https:\/\/www.tuky.fi\/etusivu\/#\/schema\/logo\/image\/\"},\"sameAs\":[\"https:\/\/instagram.com\/turunky\",\"https:\/\/linkedin.com\/turunky\"]}]}<\/script>\n<!-- \/ Yoast SEO plugin. -->","yoast_head_json":{"title":"Turun KY T\u00e4rkeit\u00e4 linkkej\u00e4","robots":{"index":"index","follow":"follow","max-snippet":"max-snippet:-1","max-image-preview":"max-image-preview:large","max-video-preview":"max-video-preview:-1"},"canonical":"https:\/\/www.tuky.fi\/etusivu\/opiskelu\/tarkeita-linkkeja\/","og_locale":"fi_FI","og_type":"article","og_title":"Turun KY T\u00e4rkeit\u00e4 linkkej\u00e4","og_description":"Meist\u00e4 l\u00e4hes jokainen kysyy jossain vaiheessa n\u00e4it\u00e4 kysymyksi\u00e4 itselt\u00e4\u00e4n, kaveriltaan ja v\u00e4lill\u00e4 jopa Jodelissa Milloin se kurssi-ilmoittautuminen olikaan? Miten teen hyv\u00e4ksiluvun? Miten vaihto-opiskeluun meneminen toimii? Kuka se omaopettajani olikaan? Miten [&hellip;]","og_url":"https:\/\/www.tuky.fi\/etusivu\/opiskelu\/tarkeita-linkkeja\/","og_site_name":"Turun KY","article_modified_time":"2026-04-10T16:15:30+00:00","twitter_card":"summary_large_image","twitter_misc":{"Arvioitu lukuaika":"1 minuutti"},"schema":{"@context":"https:\/\/schema.org","@graph":[{"@type":"WebPage","@id":"https:\/\/www.tuky.fi\/etusivu\/opiskelu\/tarkeita-linkkeja\/","url":"https:\/\/www.tuky.fi\/etusivu\/opiskelu\/tarkeita-linkkeja\/","name":"Turun KY T\u00e4rkeit\u00e4 linkkej\u00e4","isPartOf":{"@id":"https:\/\/www.tuky.fi\/etusivu\/#website"},"datePublished":"2019-10-31T20:54:07+00:00","dateModified":"2026-04-10T16:15:30+00:00","breadcrumb":{"@id":"https:\/\/www.tuky.fi\/etusivu\/opiskelu\/tarkeita-linkkeja\/#breadcrumb"},"inLanguage":"fi","potentialAction":[{"@type":"ReadAction","target":["https:\/\/www.tuky.fi\/etusivu\/opiskelu\/tarkeita-linkkeja\/"]}]},{"@type":"BreadcrumbList","@id":"https:\/\/www.tuky.fi\/etusivu\/opiskelu\/tarkeita-linkkeja\/#breadcrumb","itemListElement":[{"@type":"ListItem","position":1,"name":"Etusivu","item":"https:\/\/www.tuky.fi\/etusivu\/"},{"@type":"ListItem","position":2,"name":"Opiskelu","item":"https:\/\/www.tuky.fi\/etusivu\/opiskelu\/"},{"@type":"ListItem","position":3,"name":"T\u00e4rkeit\u00e4 linkkej\u00e4"}]},{"@type":"WebSite","@id":"https:\/\/www.tuky.fi\/etusivu\/#website","url":"https:\/\/www.tuky.fi\/etusivu\/","name":"Turun KY","description":"TuKY","publisher":{"@id":"https:\/\/www.tuky.fi\/etusivu\/#organization"},"alternateName":"TuKY","potentialAction":[{"@type":"SearchAction","target":{"@type":"EntryPoint","urlTemplate":"https:\/\/www.tuky.fi\/etusivu\/?s={search_term_string}"},"query-input":{"@type":"PropertyValueSpecification","valueRequired":true,"valueName":"search_term_string"}}],"inLanguage":"fi"},{"@type":"Organization","@id":"https:\/\/www.tuky.fi\/etusivu\/#organization","name":"Turun KY","alternateName":"TuKY","url":"https:\/\/www.tuky.fi\/etusivu\/","logo":{"@type":"ImageObject","inLanguage":"fi","@id":"https:\/\/www.tuky.fi\/etusivu\/#\/schema\/logo\/image\/","url":"https:\/\/www.tuky.fi\/wp-content\/uploads\/2024\/09\/TuKY-logo-kulta-1.png","contentUrl":"https:\/\/www.tuky.fi\/wp-content\/uploads\/2024\/09\/TuKY-logo-kulta-1.png","width":1080,"height":1080,"caption":"Turun KY"},"image":{"@id":"https:\/\/www.tuky.fi\/etusivu\/#\/schema\/logo\/image\/"},"sameAs":["https:\/\/instagram.com\/turunky","https:\/\/linkedin.com\/turunky"]}]}},"lang":"fi","translations":{"fi":33803},"pll_sync_post":[],"_links":{"self":[{"href":"https:\/\/www.tuky.fi\/etusivu\/wp-json\/wp\/v2\/pages\/33803","targetHints":{"allow":["GET"]}}],"collection":[{"href":"https:\/\/www.tuky.fi\/etusivu\/wp-json\/wp\/v2\/pages"}],"about":[{"href":"https:\/\/www.tuky.fi\/etusivu\/wp-json\/wp\/v2\/types\/page"}],"author":[{"embeddable":true,"href":"https:\/\/www.tuky.fi\/etusivu\/wp-json\/wp\/v2\/users\/8"}],"replies":[{"embeddable":true,"href":"https:\/\/www.tuky.fi\/etusivu\/wp-json\/wp\/v2\/comments?post=33803"}],"version-history":[{"count":1,"href":"https:\/\/www.tuky.fi\/etusivu\/wp-json\/wp\/v2\/pages\/33803\/revisions"}],"predecessor-version":[{"id":53129,"href":"https:\/\/www.tuky.fi\/etusivu\/wp-json\/wp\/v2\/pages\/33803\/revisions\/53129"}],"up":[{"embeddable":true,"href":"https:\/\/www.tuky.fi\/etusivu\/wp-json\/wp\/v2\/pages\/33794"}],"wp:attachment":[{"href":"https:\/\/www.tuky.fi\/etusivu\/wp-json\/wp\/v2\/media?parent=33803"}],"curies":[{"name":"wp","href":"https:\/\/api.w.org\/{rel}","templated":true}]}}