{"id":12442,"date":"2014-10-27T17:21:57","date_gmt":"2014-10-27T15:21:57","guid":{"rendered":"http:\/\/tuky.fi\/?page_id=12442"},"modified":"2026-04-10T18:48:43","modified_gmt":"2026-04-10T15:48:43","slug":"vapaa-ajan-vastaava","status":"publish","type":"page","link":"https:\/\/www.tuky.fi\/etusivu\/vapaa-ajan-vastaava\/","title":{"rendered":"Vapaa-ajan vastaava"},"content":{"rendered":"<p>[et_pb_section fb_built=&#8221;1&#8243; admin_label=&#8221;section&#8221; _builder_version=&#8221;4.16&#8243; global_colors_info=&#8221;{}&#8221;][et_pb_row _builder_version=&#8221;4.27.4&#8243; _module_preset=&#8221;default&#8221;][et_pb_column _builder_version=&#8221;4.27.4&#8243; _module_preset=&#8221;default&#8221; type=&#8221;4_4&#8243;][et_pb_text _builder_version=&#8221;4.27.4&#8243; _module_preset=&#8221;default&#8221; hover_enabled=&#8221;0&#8243; sticky_enabled=&#8221;0&#8243;]<\/p>\n<p>In English below.<\/p>\n<p>[\/et_pb_text][\/et_pb_column][\/et_pb_row][et_pb_row column_structure=&#8221;3_4,1_4&#8243; _builder_version=&#8221;4.16&#8243; global_colors_info=&#8221;{}&#8221; custom_padding=&#8221;||115px|||&#8221;][et_pb_column type=&#8221;3_4&#8243; _builder_version=&#8221;4.16&#8243; custom_padding=&#8221;|||&#8221; global_colors_info=&#8221;{}&#8221; custom_padding__hover=&#8221;|||&#8221;][et_pb_text _builder_version=&#8221;4.27.4&#8243; hover_enabled=&#8221;0&#8243; global_colors_info=&#8221;{}&#8221; sticky_enabled=&#8221;0&#8243;]<\/p>\n<h1>Vapaa-ajan vastaava<\/h1>\n<p>&nbsp;<\/p>\n<h4><span style=\"color: #000000;\"><strong>\u00a0Mit\u00e4 hallituspestiini kuuluu?<\/strong><\/span><\/h4>\n<p><span style=\"color: #000000;\"><strong><\/strong><\/span><\/p>\n<p><span style=\"font-weight: 400;\">Turun KY:n vapaa-ajan vastaava vastaa TuKYn tapahtumatuotannon ja -tarjonnan kehitt\u00e4misest\u00e4 ja koordinoinnista sek\u00e4 pit\u00e4\u00e4 yhteytt\u00e4 sidosryhmiin.<\/span><\/p>\n<p><span style=\"font-weight: 400;\">Vapaa-ajan vastaava on vastuussa Ulkoasiainjaoston eli Ulkkiksen puheenjohtamisesta sek\u00e4 tapahtumien j\u00e4rjest\u00e4misest\u00e4 ja kehitt\u00e4misest\u00e4 yhdess\u00e4 jaoston kanssa. Jaosto j\u00e4rjest\u00e4\u00e4 erilaisia juhlatapahtumia niin TuKY:n j\u00e4senille, kuin my\u00f6s muille opiskelijoille, joten sidosryhmien kanssa toimiminen on t\u00e4rke\u00e4 osa teht\u00e4v\u00e4\u00e4. Ulkkiksen puheenjohtajalta vaaditaan kyky\u00e4 hallita useita tapahtumakokonaisuuksia samaan aikaan, sill\u00e4 monien tapahtumien suunnittelu ja toteutus tapahtuu samanaikaisesti.\u00a0<\/span><\/p>\n<p><span style=\"font-weight: 400;\">Ulkkiksen toiminta on tulostavoitteellista, mink\u00e4 vuoksi innovatiivisuus sek\u00e4 ongelmanratkaisu- ja johtamistaidot ovat keski\u00f6ss\u00e4.<\/span><\/p>\n<p><span style=\"font-weight: 400;\">Vapaa-ajan vastaavalta vaaditaan motivaatiota ja intoa Ulkkiksen sek\u00e4 TuKYn tapahtumatuotannon kehitt\u00e4miseen, hyvi\u00e4 sosiaalisia taitoja sek\u00e4 halua toimia yhdess\u00e4 erilaisten sidosryhmien kanssa. Pesti vaatii viikoittaista sitoutumista sek\u00e4 TuKYn ett\u00e4 Ulkkiksen hallitusten kokouksiin.\u00a0<\/span><\/p>\n<p><span style=\"font-weight: 400;\">Vapaa-ajan vastaavana p\u00e4\u00e4set sek\u00e4 kehitt\u00e4m\u00e4\u00e4n ja toteuttamaan TuKYn vapaa-ajan tarjontaa ja projekteja, ett\u00e4 itse kehittym\u00e4\u00e4n tapahtumatuotannossa ja organisoinnissa. T\u00e4ss\u00e4 tavoitteessa sinua auttavat sek\u00e4 TuKYn ett\u00e4 Ulkkiksen hallitukset.<\/span><\/p>\n<p><span style=\"font-weight: 400;\">Mik\u00e4li sinulla her\u00e4si mit\u00e4 tahansa kysytt\u00e4v\u00e4\u00e4 pestiini liittyen, niin laita ihmeess\u00e4 viesti\u00e4 osoitteeseen vapaa-aika@tuky.fi!<\/span><br style=\"font-weight: 400;\" \/><\/p>\n<p>&nbsp;<\/p>\n<h4><span style=\"font-weight: 400; color: #000000;\"><strong>Kysymykset:<\/strong><br \/><\/span><span style=\"font-weight: 400;\"><br \/><\/span><\/h4>\n<p><strong>Yleiset:<\/strong><\/p>\n<ol>\n<li><span>Nimi ja vuosikurssi:<\/span><\/li>\n<li><span>Aktiivisuutesi Turun KY:ll\u00e4 ja muut aiemmat luottamustoimet:<\/span><\/li>\n<li><span>Ensi vuoden suunnitelmasi (ts. muut mahdolliset p\u00e4\u00e4llekk\u00e4iset projektit):<\/span><\/li>\n<\/ol>\n<p><span><\/span><\/p>\n<p><strong>Sektorikohtaiset:<\/strong><strong><\/strong><\/p>\n<ol>\n<li style=\"font-weight: 400;\" aria-level=\"1\"><span style=\"font-weight: 400;\">Mik\u00e4 tekisi juuri sinusta hyv\u00e4n vapaa-ajan vastaavan?<\/span><\/li>\n<li style=\"font-weight: 400;\" aria-level=\"1\"><span style=\"font-weight: 400;\">Millaisena johtajana n\u00e4et itsesi Ulkkiselle? Mitk\u00e4 ominaisuudet koet vahvuuksinasi ja mitk\u00e4 heikkouksinasi jaoston puheenjohtajana?<\/span><\/li>\n<li style=\"font-weight: 400;\" aria-level=\"1\"><span style=\"font-weight: 400;\">Ulkoasiainjaosto on vastuussa useista TuKYn suurimmista tapahtumista. Monilla tapahtumilla on pitk\u00e4t perinteet ja ne usein toistavat jokseenkin samaa kaavaa. Millaisena n\u00e4et mahdollisuudet uusille tapahtumakonsepteille niin jo valmiiksi t\u00e4yden tapahtumakalenterin, jaostolaisten motivaation ja oman jaksamisesikin kannalta?\u00a0\u00a0<\/span><\/li>\n<\/ol>\n<p>[\/et_pb_text][\/et_pb_column][et_pb_column type=&#8221;1_4&#8243; _builder_version=&#8221;4.16&#8243; custom_padding=&#8221;|||&#8221; global_colors_info=&#8221;{}&#8221; custom_padding__hover=&#8221;|||&#8221;][et_pb_team_member name=&#8221;Emma Torniainen&#8221; position=&#8221;Vapaa-ajan vastaava&#8221; image_url=&#8221;https:\/\/www.tuky.fi\/wp-content\/uploads\/2025\/03\/Emma-Torniainen-scaled.jpg&#8221; _builder_version=&#8221;4.27.4&#8243; header_text_color=&#8221;#000000&#8243; body_text_color=&#8221;#000000&#8243; hover_enabled=&#8221;0&#8243; global_colors_info=&#8221;{}&#8221; sticky_enabled=&#8221;0&#8243;]<\/p>\n<p>vapaa-aika@tuky.fi<\/p>\n<p>[\/et_pb_team_member][\/et_pb_column][\/et_pb_row][et_pb_row column_structure=&#8221;3_4,1_4&#8243; _builder_version=&#8221;4.16&#8243; global_colors_info=&#8221;{}&#8221;][et_pb_column type=&#8221;3_4&#8243; _builder_version=&#8221;4.16&#8243; custom_padding=&#8221;|||&#8221; global_colors_info=&#8221;{}&#8221; custom_padding__hover=&#8221;|||&#8221;][et_pb_text _builder_version=&#8221;4.27.4&#8243; hover_enabled=&#8221;0&#8243; global_colors_info=&#8221;{}&#8221; sticky_enabled=&#8221;0&#8243;]<\/p>\n<h1>Head of Extracurricular Affairs<\/h1>\n<p>&nbsp;<\/p>\n<h4><span style=\"color: #000000;\"><strong>What does my board position include?<\/strong><\/span><\/h4>\n<p><span style=\"color: #000000;\"><strong><\/strong><\/span><\/p>\n<p><span style=\"font-weight: 400;\">Turun KY\u2019s Head of Extracurricular Affairs is responsible for developing and coordinating TuKY\u2019s event production and offering, and for maintaining stakeholder relations.<\/span><\/p>\n<p><span style=\"font-weight: 400;\">The Head of Extracurricular Affairs chairs the Ulkoasiainjaosto (Ulkkis) and is responsible for organising and developing events together with the committee. The committee arranges various celebrations and other events for TuKY members as well as for other students, so working with stakeholders is a key part of the role. The chair of Ulkkis must be able to manage multiple event entities at the same time, since many events are planned and delivered in parallel.<\/span><\/p>\n<p><span style=\"font-weight: 400;\">Ulkkis operates with clear financial and qualitative targets, which is why innovativeness as well as problem-solving and leadership skills are central.<\/span><\/p>\n<p><span style=\"font-weight: 400;\">The Head of Events is expected to have motivation and enthusiasm to develop Ulkkis and TuKY\u2019s event production, strong interpersonal skills, and a willingness to work with a wide range of stakeholders. The role requires a weekly commitment, including board meetings of both TuKY and Ulkkis.<\/span><\/p>\n<p><span style=\"font-weight: 400;\">As Head of Extracurricular Affairs, you\u2019ll both develop and deliver TuKY\u2019s extracurricular activities\/event offering and projects and develop your own skills in event production and organisation. You\u2019ll be supported in this by the boards of both TuKY and Ulkkis.<\/span><\/p>\n<p><span style=\"font-weight: 400;\">If you have any questions about the role, don\u2019t hesitate to email vapaa-aika@tuky.fi!<\/span><\/p>\n<p>&nbsp;<\/p>\n<p>&nbsp;<\/p>\n<h4><span style=\"font-weight: 400; color: #000000;\"><strong>Questions:<\/strong><br \/><\/span><span style=\"font-weight: 400;\"><br \/><\/span><\/h4>\n<p><strong>General:<\/strong><\/p>\n<ol>\n<li><span>Your name and class? <\/span><\/li>\n<li><span>Your activity within Turun KY and other previous positions of trust:<\/span><\/li>\n<li><span>Your plans for the upcoming year (i.e. any other potential overlapping projects):<\/span><span><\/span><\/li>\n<\/ol>\n<p><span><\/span><\/p>\n<p><strong>Sector-specific:<\/strong><strong><\/strong><\/p>\n<ol>\n<li style=\"font-weight: 400;\" aria-level=\"1\"><span style=\"font-weight: 400;\">What would make you a good Head of Extracurricular Affairs?<\/span><span style=\"font-weight: 400;\"><br \/><\/span><\/li>\n<li style=\"font-weight: 400;\" aria-level=\"1\"><span style=\"font-weight: 400;\">What kind of leader do you see yourself as for Ulkkis? Which qualities do you consider your strengths, and which your weaknesses, as chair of the committee?<\/span><span style=\"font-weight: 400;\"><br \/><\/span><\/li>\n<li style=\"font-weight: 400;\" aria-level=\"1\"><span style=\"font-weight: 400;\">The Committee of Extracurricular Affairs is responsible for several of TuKY\u2019s largest events. Many of these have long traditions and often follow a fairly similar format year after year. How do you see the opportunities for new event concepts considering an already full event calendar, the motivation of committee members, and your own well-being and capacity?<\/span><\/li>\n<\/ol>\n<p>[\/et_pb_text][\/et_pb_column][et_pb_column type=&#8221;1_4&#8243; _builder_version=&#8221;4.16&#8243; custom_padding=&#8221;|||&#8221; global_colors_info=&#8221;{}&#8221; custom_padding__hover=&#8221;|||&#8221;][et_pb_team_member name=&#8221;Emma Torniainen&#8221; position=&#8221;Head of Extracurricular Affairs &#8221; image_url=&#8221;https:\/\/www.tuky.fi\/wp-content\/uploads\/2025\/03\/Emma-Torniainen-scaled.jpg&#8221; _builder_version=&#8221;4.27.4&#8243; header_text_color=&#8221;#000000&#8243; body_text_color=&#8221;#000000&#8243; global_colors_info=&#8221;{}&#8221;]<\/p>\n<p>vapaa-aika@tuky.fi<\/p>\n<p>[\/et_pb_team_member][\/et_pb_column][\/et_pb_row][\/et_pb_section]<\/p>\n","protected":false},"excerpt":{"rendered":"<p>In English below.Vapaa-ajan vastaava &nbsp; \u00a0Mit\u00e4 hallituspestiini kuuluu? Turun KY:n vapaa-ajan vastaava vastaa TuKYn tapahtumatuotannon ja -tarjonnan kehitt\u00e4misest\u00e4 ja koordinoinnista sek\u00e4 pit\u00e4\u00e4 yhteytt\u00e4 sidosryhmiin. Vapaa-ajan vastaava on vastuussa Ulkoasiainjaoston eli [&hellip;]<\/p>\n","protected":false},"author":1,"featured_media":18492,"parent":0,"menu_order":10,"comment_status":"open","ping_status":"open","template":"","meta":{"_et_pb_use_builder":"on","_et_pb_old_content":"\u00a0\r\n\r\n[caption id=\"attachment_17434\" align=\"aligncenter\" width=\"230\"]<img class=\"wp-image-17434\" src=\"http:\/\/turunky.fi\/wordpress\/wp-content\/uploads\/2016\/01\/Krisse-netti-789x1024.jpg\" alt=\"Krisse-netti\" width=\"230\" height=\"298\" \/> Kristian Raitio[\/caption]\r\n\r\n\u00a0\r\n\r\n<strong>Mit\u00e4 hallituspestiini kuuluu?<\/strong>\r\n\r\nToimin hallituksessa Turun KY:n vapaa-ajan vastaavana. Vapaa-ajan vastaavana olen vastuussa Ulkoasiainjaoston kanssa tapahtumien j\u00e4rjest\u00e4misest\u00e4 ja yhteyksist\u00e4 eri opiskelijaj\u00e4rjest\u00f6ihin sek\u00e4 l\u00e4heisesti tapahtumien j\u00e4rjest\u00e4miseen liittyviin toimijoihin. Teht\u00e4v\u00e4\u00e4n kuuluu kaksi roolia. Vapaa-ajan vastaavana olen vastannut Turun KY:n hallituksessa tapahtumatuotannon kehitt\u00e4misest\u00e4 ja koordinoinnista sek\u00e4 olen huolehtinut yhteydenpidosta muihin opiskelijakulttuuriin liittyviin sidosryhmiin. Ulkoasiainjaoston puheenjohtajana olen ollut vastuussa jaoston koordinoinnista ja perinteikk\u00e4iden tapahtumien j\u00e4rjest\u00e4misest\u00e4 sen kanssa.\r\n\r\nUlkoasiainjaosto on jaostona yksi monipuolisimmista jaostoista, joka toteuttaa yli toistakymment\u00e4 erilaista tapahtumaa. Jaosto j\u00e4rjest\u00e4\u00e4 l\u00e4hinn\u00e4 erilaisia virkistys- ja juhlatapahtumia Turun KY:n ja muiden koulujen opiskelijoille. Kuten kaikissa jaostoissa, my\u00f6s Ulkkisen kanssa hyv\u00e4t johtamistaidot ovat eritt\u00e4in t\u00e4rkeit\u00e4. Johtajalta vaaditaan kyky\u00e4 hallita useita tapahtumakokonaisuuksia ja prosesseja samaan aikaan, sill\u00e4 useiden tapahtumien suunnittelu ja toteutus tapahtuvat yht\u00e4aikaisesti. Erityisesti tiimiytymisen varmistaminen on t\u00e4rke\u00e4\u00e4 Ulkkiksessa, sill\u00e4 tapahtumat vaativat usean henkil\u00f6n panoksen ja jaoston j\u00e4senten tulee toimia saumattomasti yhdess\u00e4. Puheenjohtajan on oltava tasapuolinen, esimerkillinen sek\u00e4 motivoiva, sill\u00e4 tapahtumien j\u00e4rjest\u00e4minen on huomattavasti stressitt\u00f6m\u00e4mp\u00e4\u00e4 hyv\u00e4ss\u00e4 yhteishengess\u00e4.\r\n\r\nVapaa-ajan vastaavana p\u00e4\u00e4set j\u00e4rjest\u00e4m\u00e4\u00e4n monia erilaisia tapahtumia ja kehitt\u00e4m\u00e4\u00e4n Turun KY:n tapahtumatarjontaa ja vapaa-ajan aktiviteetteja. P\u00e4\u00e4set Ulkkiksen kanssa toteuttamaan vuodessa tapahtumatuotantoa yli 5\u00a0000 hengelle. Puheenjohtajalta vaaditaan hyvi\u00e4 ihmissuhdetaitoja, intoa Ulkkiksen kehitt\u00e4miseen ja halua toteuttaa yhdess\u00e4 jaoston kanssa monia erilaisia tapahtumia. Pesti vaatii viikoittaista sitoutumista sek\u00e4 hallituksen ett\u00e4 Ulkkiksen hallituksen kokouksiin. Kuukausittain Ulkkiksella on yleens\u00e4 1-3 tapahtumaa. Ulkkis j\u00e4rjest\u00e4\u00e4 paljon tapahtumia yhdess\u00e4 muiden jaostojen ja j\u00e4rjest\u00f6jen kanssa, joten sidosryhmien hallinta on eritt\u00e4in t\u00e4rke\u00e4 osa teht\u00e4v\u00e4\u00e4. Vapaa-ajan vastaavana p\u00e4\u00e4set siis toteuttamaan monenlaisia projekteja ja olemaan mukana kehitt\u00e4m\u00e4ss\u00e4 tapahtumatuotantoa ja j\u00e4senpalveluita Turun KY:n j\u00e4senille.\r\n\r\n[separator]\r\n\r\n<strong>Kysymykset:<\/strong>\r\n\r\nYleiset:\r\n\r\n1. Nimi ja vuosikurssi\r\n2. Aktiivisuutesi Turun KY:ll\u00e4 ja muut aiemmat luottamustoimet?\r\n3. Ensi vuoden suunnitelmasi\u00a0(ts. muut mahdolliset p\u00e4\u00e4llekk\u00e4iset projektit)\r\n\r\nSektorikohtaiset:\r\n\r\n1. Kuvaile itse\u00e4si muutamalla lauseella mahdollisimman el\u00e4v\u00e4isin kielikuvin ja vertauksin.\r\n2. Mit\u00e4 mielt\u00e4 olet poikkitieteellisest\u00e4 yhteisty\u00f6st\u00e4 tapahtumissa? Miten kehitt\u00e4isit sit\u00e4?\r\n3. Mit\u00e4 tapahtumia poistaisit ja mit\u00e4 tapahtumia lis\u00e4isit Ulkkiksen tapahtumavalikoimaan?\r\n4. Miten kehitt\u00e4isit Ulkoasianjaoston ulkoista viestint\u00e4\u00e4?","_et_gb_content_width":"","footnotes":""},"class_list":["post-12442","page","type-page","status-publish","has-post-thumbnail","hentry"],"yoast_head":"<!-- This site is optimized with the Yoast SEO plugin v27.2 - https:\/\/yoast.com\/product\/yoast-seo-wordpress\/ -->\n<title>Turun KY Vapaa-ajan vastaava<\/title>\n<meta name=\"robots\" content=\"index, follow, max-snippet:-1, max-image-preview:large, max-video-preview:-1\" \/>\n<link rel=\"canonical\" href=\"https:\/\/www.tuky.fi\/etusivu\/vapaa-ajan-vastaava\/\" \/>\n<meta property=\"og:locale\" content=\"fi_FI\" \/>\n<meta property=\"og:type\" content=\"article\" \/>\n<meta property=\"og:title\" content=\"Turun KY Vapaa-ajan vastaava\" \/>\n<meta property=\"og:description\" content=\"In English below.Vapaa-ajan vastaava &nbsp; \u00a0Mit\u00e4 hallituspestiini kuuluu? Turun KY:n vapaa-ajan vastaava vastaa TuKYn tapahtumatuotannon ja -tarjonnan kehitt\u00e4misest\u00e4 ja koordinoinnista sek\u00e4 pit\u00e4\u00e4 yhteytt\u00e4 sidosryhmiin. Vapaa-ajan vastaava on vastuussa Ulkoasiainjaoston eli [&hellip;]\" \/>\n<meta property=\"og:url\" content=\"https:\/\/www.tuky.fi\/etusivu\/vapaa-ajan-vastaava\/\" \/>\n<meta property=\"og:site_name\" content=\"Turun KY\" \/>\n<meta property=\"article:modified_time\" content=\"2026-04-10T15:48:43+00:00\" \/>\n<meta name=\"twitter:card\" content=\"summary_large_image\" \/>\n<meta name=\"twitter:label1\" content=\"Arvioitu lukuaika\" \/>\n\t<meta name=\"twitter:data1\" content=\"4 minuuttia\" \/>\n<script type=\"application\/ld+json\" class=\"yoast-schema-graph\">{\"@context\":\"https:\/\/schema.org\",\"@graph\":[{\"@type\":\"WebPage\",\"@id\":\"https:\/\/www.tuky.fi\/etusivu\/vapaa-ajan-vastaava\/\",\"url\":\"https:\/\/www.tuky.fi\/etusivu\/vapaa-ajan-vastaava\/\",\"name\":\"Turun KY Vapaa-ajan vastaava\",\"isPartOf\":{\"@id\":\"https:\/\/www.tuky.fi\/etusivu\/#website\"},\"primaryImageOfPage\":{\"@id\":\"https:\/\/www.tuky.fi\/etusivu\/vapaa-ajan-vastaava\/#primaryimage\"},\"image\":{\"@id\":\"https:\/\/www.tuky.fi\/etusivu\/vapaa-ajan-vastaava\/#primaryimage\"},\"thumbnailUrl\":\"\",\"datePublished\":\"2014-10-27T15:21:57+00:00\",\"dateModified\":\"2026-04-10T15:48:43+00:00\",\"breadcrumb\":{\"@id\":\"https:\/\/www.tuky.fi\/etusivu\/vapaa-ajan-vastaava\/#breadcrumb\"},\"inLanguage\":\"fi\",\"potentialAction\":[{\"@type\":\"ReadAction\",\"target\":[\"https:\/\/www.tuky.fi\/etusivu\/vapaa-ajan-vastaava\/\"]}]},{\"@type\":\"ImageObject\",\"inLanguage\":\"fi\",\"@id\":\"https:\/\/www.tuky.fi\/etusivu\/vapaa-ajan-vastaava\/#primaryimage\",\"url\":\"\",\"contentUrl\":\"\"},{\"@type\":\"BreadcrumbList\",\"@id\":\"https:\/\/www.tuky.fi\/etusivu\/vapaa-ajan-vastaava\/#breadcrumb\",\"itemListElement\":[{\"@type\":\"ListItem\",\"position\":1,\"name\":\"Etusivu\",\"item\":\"https:\/\/www.tuky.fi\/etusivu\/\"},{\"@type\":\"ListItem\",\"position\":2,\"name\":\"Vapaa-ajan vastaava\"}]},{\"@type\":\"WebSite\",\"@id\":\"https:\/\/www.tuky.fi\/etusivu\/#website\",\"url\":\"https:\/\/www.tuky.fi\/etusivu\/\",\"name\":\"Turun KY\",\"description\":\"TuKY\",\"publisher\":{\"@id\":\"https:\/\/www.tuky.fi\/etusivu\/#organization\"},\"alternateName\":\"TuKY\",\"potentialAction\":[{\"@type\":\"SearchAction\",\"target\":{\"@type\":\"EntryPoint\",\"urlTemplate\":\"https:\/\/www.tuky.fi\/etusivu\/?s={search_term_string}\"},\"query-input\":{\"@type\":\"PropertyValueSpecification\",\"valueRequired\":true,\"valueName\":\"search_term_string\"}}],\"inLanguage\":\"fi\"},{\"@type\":\"Organization\",\"@id\":\"https:\/\/www.tuky.fi\/etusivu\/#organization\",\"name\":\"Turun KY\",\"alternateName\":\"TuKY\",\"url\":\"https:\/\/www.tuky.fi\/etusivu\/\",\"logo\":{\"@type\":\"ImageObject\",\"inLanguage\":\"fi\",\"@id\":\"https:\/\/www.tuky.fi\/etusivu\/#\/schema\/logo\/image\/\",\"url\":\"https:\/\/www.tuky.fi\/wp-content\/uploads\/2024\/09\/TuKY-logo-kulta-1.png\",\"contentUrl\":\"https:\/\/www.tuky.fi\/wp-content\/uploads\/2024\/09\/TuKY-logo-kulta-1.png\",\"width\":1080,\"height\":1080,\"caption\":\"Turun KY\"},\"image\":{\"@id\":\"https:\/\/www.tuky.fi\/etusivu\/#\/schema\/logo\/image\/\"},\"sameAs\":[\"https:\/\/instagram.com\/turunky\",\"https:\/\/linkedin.com\/turunky\"]}]}<\/script>\n<!-- \/ Yoast SEO plugin. -->","yoast_head_json":{"title":"Turun KY Vapaa-ajan vastaava","robots":{"index":"index","follow":"follow","max-snippet":"max-snippet:-1","max-image-preview":"max-image-preview:large","max-video-preview":"max-video-preview:-1"},"canonical":"https:\/\/www.tuky.fi\/etusivu\/vapaa-ajan-vastaava\/","og_locale":"fi_FI","og_type":"article","og_title":"Turun KY Vapaa-ajan vastaava","og_description":"In English below.Vapaa-ajan vastaava &nbsp; \u00a0Mit\u00e4 hallituspestiini kuuluu? Turun KY:n vapaa-ajan vastaava vastaa TuKYn tapahtumatuotannon ja -tarjonnan kehitt\u00e4misest\u00e4 ja koordinoinnista sek\u00e4 pit\u00e4\u00e4 yhteytt\u00e4 sidosryhmiin. Vapaa-ajan vastaava on vastuussa Ulkoasiainjaoston eli [&hellip;]","og_url":"https:\/\/www.tuky.fi\/etusivu\/vapaa-ajan-vastaava\/","og_site_name":"Turun KY","article_modified_time":"2026-04-10T15:48:43+00:00","twitter_card":"summary_large_image","twitter_misc":{"Arvioitu lukuaika":"4 minuuttia"},"schema":{"@context":"https:\/\/schema.org","@graph":[{"@type":"WebPage","@id":"https:\/\/www.tuky.fi\/etusivu\/vapaa-ajan-vastaava\/","url":"https:\/\/www.tuky.fi\/etusivu\/vapaa-ajan-vastaava\/","name":"Turun KY Vapaa-ajan vastaava","isPartOf":{"@id":"https:\/\/www.tuky.fi\/etusivu\/#website"},"primaryImageOfPage":{"@id":"https:\/\/www.tuky.fi\/etusivu\/vapaa-ajan-vastaava\/#primaryimage"},"image":{"@id":"https:\/\/www.tuky.fi\/etusivu\/vapaa-ajan-vastaava\/#primaryimage"},"thumbnailUrl":"","datePublished":"2014-10-27T15:21:57+00:00","dateModified":"2026-04-10T15:48:43+00:00","breadcrumb":{"@id":"https:\/\/www.tuky.fi\/etusivu\/vapaa-ajan-vastaava\/#breadcrumb"},"inLanguage":"fi","potentialAction":[{"@type":"ReadAction","target":["https:\/\/www.tuky.fi\/etusivu\/vapaa-ajan-vastaava\/"]}]},{"@type":"ImageObject","inLanguage":"fi","@id":"https:\/\/www.tuky.fi\/etusivu\/vapaa-ajan-vastaava\/#primaryimage","url":"","contentUrl":""},{"@type":"BreadcrumbList","@id":"https:\/\/www.tuky.fi\/etusivu\/vapaa-ajan-vastaava\/#breadcrumb","itemListElement":[{"@type":"ListItem","position":1,"name":"Etusivu","item":"https:\/\/www.tuky.fi\/etusivu\/"},{"@type":"ListItem","position":2,"name":"Vapaa-ajan vastaava"}]},{"@type":"WebSite","@id":"https:\/\/www.tuky.fi\/etusivu\/#website","url":"https:\/\/www.tuky.fi\/etusivu\/","name":"Turun KY","description":"TuKY","publisher":{"@id":"https:\/\/www.tuky.fi\/etusivu\/#organization"},"alternateName":"TuKY","potentialAction":[{"@type":"SearchAction","target":{"@type":"EntryPoint","urlTemplate":"https:\/\/www.tuky.fi\/etusivu\/?s={search_term_string}"},"query-input":{"@type":"PropertyValueSpecification","valueRequired":true,"valueName":"search_term_string"}}],"inLanguage":"fi"},{"@type":"Organization","@id":"https:\/\/www.tuky.fi\/etusivu\/#organization","name":"Turun KY","alternateName":"TuKY","url":"https:\/\/www.tuky.fi\/etusivu\/","logo":{"@type":"ImageObject","inLanguage":"fi","@id":"https:\/\/www.tuky.fi\/etusivu\/#\/schema\/logo\/image\/","url":"https:\/\/www.tuky.fi\/wp-content\/uploads\/2024\/09\/TuKY-logo-kulta-1.png","contentUrl":"https:\/\/www.tuky.fi\/wp-content\/uploads\/2024\/09\/TuKY-logo-kulta-1.png","width":1080,"height":1080,"caption":"Turun KY"},"image":{"@id":"https:\/\/www.tuky.fi\/etusivu\/#\/schema\/logo\/image\/"},"sameAs":["https:\/\/instagram.com\/turunky","https:\/\/linkedin.com\/turunky"]}]}},"lang":"fi","translations":{"fi":12442},"pll_sync_post":[],"_links":{"self":[{"href":"https:\/\/www.tuky.fi\/etusivu\/wp-json\/wp\/v2\/pages\/12442","targetHints":{"allow":["GET"]}}],"collection":[{"href":"https:\/\/www.tuky.fi\/etusivu\/wp-json\/wp\/v2\/pages"}],"about":[{"href":"https:\/\/www.tuky.fi\/etusivu\/wp-json\/wp\/v2\/types\/page"}],"author":[{"embeddable":true,"href":"https:\/\/www.tuky.fi\/etusivu\/wp-json\/wp\/v2\/users\/1"}],"replies":[{"embeddable":true,"href":"https:\/\/www.tuky.fi\/etusivu\/wp-json\/wp\/v2\/comments?post=12442"}],"version-history":[{"count":1,"href":"https:\/\/www.tuky.fi\/etusivu\/wp-json\/wp\/v2\/pages\/12442\/revisions"}],"predecessor-version":[{"id":53159,"href":"https:\/\/www.tuky.fi\/etusivu\/wp-json\/wp\/v2\/pages\/12442\/revisions\/53159"}],"wp:featuredmedia":[{"embeddable":true,"href":"https:\/\/www.tuky.fi\/etusivu\/wp-json\/"}],"wp:attachment":[{"href":"https:\/\/www.tuky.fi\/etusivu\/wp-json\/wp\/v2\/media?parent=12442"}],"curies":[{"name":"wp","href":"https:\/\/api.w.org\/{rel}","templated":true}]}}