{"id":12436,"date":"2014-10-27T12:35:52","date_gmt":"2014-10-27T10:35:52","guid":{"rendered":"http:\/\/tuky.fi\/?page_id=12436"},"modified":"2026-03-30T00:20:02","modified_gmt":"2026-03-29T21:20:02","slug":"kuntamestari","status":"publish","type":"page","link":"https:\/\/www.tuky.fi\/etusivu\/kuntamestari\/","title":{"rendered":"Kuntamestari"},"content":{"rendered":"<p>[et_pb_section fb_built=&#8221;1&#8243; admin_label=&#8221;section&#8221; _builder_version=&#8221;4.16&#8243; global_colors_info=&#8221;{}&#8221;][et_pb_row _builder_version=&#8221;4.27.4&#8243; _module_preset=&#8221;default&#8221;][et_pb_column _builder_version=&#8221;4.27.4&#8243; _module_preset=&#8221;default&#8221; type=&#8221;4_4&#8243;][et_pb_text _builder_version=&#8221;4.27.4&#8243; _module_preset=&#8221;default&#8221; hover_enabled=&#8221;0&#8243; sticky_enabled=&#8221;0&#8243;]<\/p>\n<p>In English below.<\/p>\n<p>[\/et_pb_text][\/et_pb_column][\/et_pb_row][et_pb_row column_structure=&#8221;3_4,1_4&#8243; _builder_version=&#8221;4.16&#8243; global_colors_info=&#8221;{}&#8221; custom_padding=&#8221;||114px|||&#8221;][et_pb_column type=&#8221;3_4&#8243; _builder_version=&#8221;4.16&#8243; custom_padding=&#8221;|||&#8221; global_colors_info=&#8221;{}&#8221; custom_padding__hover=&#8221;|||&#8221;][et_pb_text _builder_version=&#8221;4.27.4&#8243; hover_enabled=&#8221;0&#8243; global_colors_info=&#8221;{}&#8221; sticky_enabled=&#8221;0&#8243;]<\/p>\n<h1>Kuntamestari<\/h1>\n<p>&nbsp;<\/p>\n<h4><span style=\"color: #000000;\">Mit\u00e4 hallituspestiini kuuluu?<\/span><\/h4>\n<p>&nbsp;<\/p>\n<p><span style=\"font-weight: 400;\">Kuntamestarin vastuulla ovat yhdistyksemme rakas kerhotalo Parkki ja legendaarinen Bar Monttu, eli ne kaksi asiaa, jotka mahdollistavat Turun KY:n laajan ja perinteikk\u00e4\u00e4n palveluntarjonnan. Parkin k\u00e4ytt\u00f6\u00e4 Kuntamestari valvoo johtamansa Parkkiryhm\u00e4n avustuksella. Parkin korkeasta k\u00e4ytt\u00f6asteesta johtuen t\u00e4st\u00e4 ylpeyden aiheesta harvoin loppuvat kehityskohteet kesken ja siksi Kuntamestarilla onkin l\u00e4hes aina jokin kehitys- tai korjaushanke vireill\u00e4\u00e4n, joskus jopa useampikin p\u00e4\u00e4llekk\u00e4in.<\/span><\/p>\n<p><span style=\"font-weight: 400;\">Turun KY:n koti, Parkki, on valtava kokonaisuus, jonka py\u00f6ritt\u00e4minen vaatii yhteisty\u00f6t\u00e4 eri alojen yritysten ja asiantuntijoiden kanssa, mutta aina v\u00e4lill\u00e4 oma apu on kuitenkin paras apu. Toisin sanoen k\u00e4yt\u00e4nn\u00f6n k\u00e4dentaidoista ei ole haittaa Kuntamestarin pestiss\u00e4 sill\u00e4 kaikenlaista pient\u00e4 puuhaa riitt\u00e4\u00e4kin l\u00e4pi vuoden. Kuntamestarin vastuulle on siirtynyt my\u00f6s Parkin yksityisvarausten myynti ja organisointi, joka tuottaa s\u00e4\u00e4nn\u00f6llisesti hieman kevyit\u00e4 paperit\u00f6it\u00e4 fyysisen ty\u00f6n ohelle. Askareiden j\u00e4lkeen Kuntamestari voi kuitenkin lev\u00e4ht\u00e4\u00e4 Narnian porealtaassa Vendo-automaatista hankkimaansa kylm\u00e4\u00e4 olutta siemaillen.\u00a0<\/span><\/p>\n<p><span style=\"font-weight: 400;\">Turun KY:n sielu, Bar Monttu, muuntautuu s\u00e4\u00e4nn\u00f6llisin v\u00e4liajoin Turun kuumimmaksi y\u00f6kerhoksi tai rennoimmaksi After Work-baariksi. Kuntamestari py\u00f6ritt\u00e4\u00e4 ja kehitt\u00e4\u00e4 Montun baaria yhdess\u00e4 Baarimestarin johtaman baaritiimin kanssa, mutta varsinkin isoimmissa illanvietoissa Kuntamestarin rooli on ennemmin esimiehen\u00e4 toimiminen tapahtuman j\u00e4rjest\u00e4v\u00e4lle toimijalle. Lis\u00e4ksi Kuntamestarin vastuulla on my\u00f6s Montun tekniikasta huolehtiminen.<\/span><\/p>\n<p><span style=\"font-weight: 400;\">Mik\u00e4li sinulla on kysytt\u00e4v\u00e4\u00e4 hallituspestiini liittyen, voit laittaa s\u00e4hk\u00f6postia osoitteeseen kuntamestari@tuky.fi. <\/span><\/p>\n<p>&nbsp;<\/p>\n<h4><span style=\"color: #000000;\"><b><\/b><\/span><\/h4>\n<h4><span style=\"color: #000000;\"><b>Kysymykset:<\/b><\/span><\/h4>\n<p><b><\/b><\/p>\n<p><strong>Yleiset:<\/strong><\/p>\n<ol>\n<li><span>Nimi ja vuosikurssi:<\/span><\/li>\n<li><span>Aktiivisuutesi Turun KY:ll\u00e4 ja muut aiemmat luottamustoimet:<\/span><\/li>\n<li><span>Ensi vuoden suunnitelmasi (ts. muut mahdolliset p\u00e4\u00e4llekk\u00e4iset projektit):<\/span><\/li>\n<\/ol>\n<p><span><\/span><\/p>\n<p><strong>Sektorikohtaiset:<\/strong><\/p>\n<ol>\n<li style=\"font-weight: 400;\" aria-level=\"1\"><span style=\"font-weight: 400;\">Mik\u00e4 on mielest\u00e4si Kuntamestarin t\u00e4rkein teht\u00e4v\u00e4 ja miksi?<\/span><\/li>\n<li style=\"font-weight: 400;\" aria-level=\"1\"><span style=\"font-weight: 400;\">Mink\u00e4laisena n\u00e4et Parkin ja Montun merkityksen Turun KY:n toiminnassa, erityisesti tapahtumantarjonnan toteutumisen osalta. Mit\u00e4 kehityksi\u00e4 ja parannuksia tekisit tilojen palvelutarjontaan ensi vuoden aikana?\u00a0<\/span><\/li>\n<li style=\"font-weight: 400;\" aria-level=\"1\"><span style=\"font-weight: 400;\">Kuntamestarina toimit Parkkiryhm\u00e4n puheenjohtajana. Mink\u00e4lainen esihenkil\u00f6 olisit Parkkiryhm\u00e4lle ja kuinka kehitt\u00e4isit tai muuttaisit Parkkiryhm\u00e4n toimintaa?<\/span><\/li>\n<\/ol>\n<p>[\/et_pb_text][\/et_pb_column][et_pb_column type=&#8221;1_4&#8243; _builder_version=&#8221;4.16&#8243; custom_padding=&#8221;|||&#8221; global_colors_info=&#8221;{}&#8221; custom_padding__hover=&#8221;|||&#8221;][et_pb_team_member name=&#8221;Teijo Seikkula&#8221; position=&#8221;Kuntamestari&#8221; image_url=&#8221;https:\/\/www.tuky.fi\/wp-content\/uploads\/2025\/03\/Teijo-Seikkula-scaled.jpg&#8221; _builder_version=&#8221;4.27.4&#8243; header_text_color=&#8221;#000000&#8243; hover_enabled=&#8221;0&#8243; global_colors_info=&#8221;{}&#8221; sticky_enabled=&#8221;0&#8243;]<\/p>\n<p>kuntamestari@tuky.fi<\/p>\n<p>[\/et_pb_team_member][\/et_pb_column][\/et_pb_row][et_pb_row column_structure=&#8221;3_4,1_4&#8243; _builder_version=&#8221;4.16&#8243; global_colors_info=&#8221;{}&#8221;][et_pb_column type=&#8221;3_4&#8243; _builder_version=&#8221;4.16&#8243; custom_padding=&#8221;|||&#8221; global_colors_info=&#8221;{}&#8221; custom_padding__hover=&#8221;|||&#8221;][et_pb_text _builder_version=&#8221;4.27.4&#8243; hover_enabled=&#8221;0&#8243; global_colors_info=&#8221;{}&#8221; sticky_enabled=&#8221;0&#8243;]<\/p>\n<h1>Head of Premises<\/h1>\n<p>&nbsp;<\/p>\n<h4><span style=\"color: #000000;\">What does my board position include?<\/span><\/h4>\n<p>&nbsp;<\/p>\n<p><span style=\"font-weight: 400;\">The Head of Premises is responsible for Turun KY\u2019s beloved clubhouse Parkki and the legendary Bar<\/span> <span style=\"font-weight: 400;\">Monttu &#8211; the two elements that make Turun KY\u2019s extensive and traditional range of services possible. The use of Parkki is supervised by the Head of Premises with the support of the Parkki Team. Due to Parkki\u2019s high utilization rate, this source of pride never runs out of areas for improvement. For that reason, the Head of Premises almost always has one or more development or renovation projects underway simultaneously.<\/span><\/p>\n<p><span style=\"font-weight: 400;\">Turun KY\u2019s home, Parkki, is a large and complex property. Operating it requires cooperation with companies and professionals from various fields. However, sometimes the best help is one\u2019s own. In other words, practical hands-on skills are certainly an advantage in this role, as various small maintenance tasks appear throughout the year. The responsibility for handling and organizing Parkki\u2019s private bookings has also been assigned to the Head of Premises, which involves some light paperwork alongside the more physical work. After the day\u2019s tasks, the Head of Premises can relax in Narnia\u2019s hot tub, enjoying a cold beer from the vending machine.<\/span><\/p>\n<p><span style=\"font-weight: 400;\">The soul of Turun KY, Bar Monttu, regularly transforms into either Turku\u2019s hottest nightclub or its most relaxed after-work bar. The bar\u2019s operations and development are managed by the Head of Premises together with the Bar Manager and the bar team. During larger events the Head of Premises mainly acts as a supervisor for the organizing party. The Head of Premises is also responsible for maintaining Bar Monttu\u2019s technical equipment.<\/span><\/p>\n<p><span style=\"font-weight: 400;\">For any questions about the position, feel free to reach me at kuntamestari@tuky.fi.<\/span><\/p>\n<p><br style=\"font-weight: 400;\" \/><br style=\"font-weight: 400;\" \/><\/p>\n<h4><span style=\"color: #000000;\"><b><\/b><\/span><\/h4>\n<h4><span style=\"color: #000000;\"><b>Questions:<\/b><\/span><\/h4>\n<p><b><\/b><\/p>\n<p><strong>General:<\/strong><\/p>\n<ol>\n<li><span>Your name and class? <\/span><\/li>\n<li><span>Your activity within Turun KY and other previous positions of trust:<\/span><\/li>\n<li><span>Your plans for the upcoming year (i.e. any other potential overlapping projects):<\/span><\/li>\n<\/ol>\n<p><span style=\"font-weight: 400;\"><\/span><\/p>\n<p><strong>Sector-specific:<\/strong><\/p>\n<ol>\n<li style=\"font-weight: 400;\" aria-level=\"1\"><span style=\"font-weight: 400;\">What do you consider the most important responsibility of the Head of Premises, and why?<\/span><\/li>\n<li style=\"font-weight: 400;\" aria-level=\"1\"><span style=\"font-weight: 400;\">How do you view the significance of Parkki and Monttu within Turun KY\u2019s operations, especially in terms of enabling events and activities? What improvements or developments would you implement in the facilities\u2019 services during the upcoming year?<\/span><\/li>\n<li style=\"font-weight: 400;\" aria-level=\"1\"><span style=\"font-weight: 400;\">As Head of Premises, you will chair the Parkki Team. What kind of leader would you be for the team, and how would you develop or adjust its operations?<\/span><\/li>\n<\/ol>\n<p>[\/et_pb_text][\/et_pb_column][et_pb_column type=&#8221;1_4&#8243; _builder_version=&#8221;4.16&#8243; custom_padding=&#8221;|||&#8221; global_colors_info=&#8221;{}&#8221; custom_padding__hover=&#8221;|||&#8221;][et_pb_team_member name=&#8221;Teijo Seikkula&#8221; position=&#8221;Head of Premises&#8221; image_url=&#8221;https:\/\/www.tuky.fi\/wp-content\/uploads\/2025\/03\/Teijo-Seikkula-scaled.jpg&#8221; _builder_version=&#8221;4.27.4&#8243; header_text_color=&#8221;#000000&#8243; global_colors_info=&#8221;{}&#8221;]<\/p>\n<p>kuntamestari@tuky.fi<\/p>\n<p>[\/et_pb_team_member][\/et_pb_column][\/et_pb_row][\/et_pb_section]<\/p>\n","protected":false},"excerpt":{"rendered":"<p>In English below.Kuntamestari &nbsp; Mit\u00e4 hallituspestiini kuuluu? &nbsp; Kuntamestarin vastuulla ovat yhdistyksemme rakas kerhotalo Parkki ja legendaarinen Bar Monttu, eli ne kaksi asiaa, jotka mahdollistavat Turun KY:n laajan ja perinteikk\u00e4\u00e4n [&hellip;]<\/p>\n","protected":false},"author":1,"featured_media":15836,"parent":0,"menu_order":6,"comment_status":"open","ping_status":"open","template":"","meta":{"_et_pb_use_builder":"on","_et_pb_old_content":"\u00a0\r\n\r\n[caption id=\"attachment_17183\" align=\"aligncenter\" width=\"230\"]<img class=\"wp-image-17183\" src=\"http:\/\/turunky.fi\/wordpress\/wp-content\/uploads\/2011\/08\/Ile-netti2-792x1024.jpg\" alt=\"Ile_netti\" width=\"230\" height=\"297\" \/> Ilkka Laustola[\/caption]\r\n\r\n\u00a0\r\n\r\n<strong>Mit\u00e4 hallituspestiini kuuluu?<\/strong>\r\n\r\nKuntamestarin vastuulla ovat rakas kerhotalomme Parkki ja legendaarinen Monttu, eli ne kaksi asiaa, jotka mahdollistavat Turun KY:n laajan palvelutarjonnan. Parkin k\u00e4ytt\u00f6\u00e4 kuntamestari valvoo johtamansa Parkkiryhm\u00e4n avustuksella. Parkin korkeasta k\u00e4ytt\u00f6asteesta johtuen TuKYn kodista harvoin loppuvat kehityskohteet, ja siksi kuntamestarilla onkin l\u00e4hes aina jokin kehitys- tai korjaushanke vireill\u00e4\u00e4n, joskus useampikin. Parkin kokoisen laitoksen py\u00f6ritt\u00e4minen vaatii my\u00f6s yhteisty\u00f6t\u00e4 eri alojen yritysten kanssa, mutta aina v\u00e4lill\u00e4 kuitenkin oma apu on paras apu, joten k\u00e4yt\u00e4nn\u00f6n k\u00e4dentaidoista ei ainakaan ole haittaa kuntamestarin pestiss\u00e4. Askareiden j\u00e4lkeen kuntamestari voi lev\u00e4ht\u00e4\u00e4 Narnian porealtaassa painotuoretta Wall Street Journalia tai KYlistett\u00e4 selaillen. Turun KY:n sielu, opiskelijaravintola Monttu muuntautuu s\u00e4\u00e4nn\u00f6llisin v\u00e4liajoin Turun kuumimmaksi y\u00f6kerhoksi tai rennoimmaksi after work -baariksi. Kuntamestari py\u00f6ritt\u00e4\u00e4 ja kehitt\u00e4\u00e4 Montun baaria yhdess\u00e4 baarimestarin kanssa, mutta varsinkin isoimmissa illanvietoissa kuntamestarin rooli on ennemmin esimiehen\u00e4 toimiminen koko bileit\u00e4 j\u00e4rjest\u00e4v\u00e4lle organisaatiolle. Kuntamestarin vastuulla on my\u00f6s Montun tekniikasta huolehtiminen.\r\n\r\nMik\u00e4li sinulla on kysytt\u00e4v\u00e4\u00e4 hallituspestiini liittyen, voit laittaa s\u00e4hk\u00f6postia osoitteeseen <a href=\"mailto:kuntamestari@tuky.fi\">kuntamestari@tuky.fi<\/a>.\r\n\r\n[separator]\r\n\r\n<strong>Kysymykset:<\/strong>\r\n\r\nYleiset:\r\n\r\n1. Nimi ja vuosikurssi\r\n2. Aktiivisuutesi Turun KY:ll\u00e4 ja muut aiemmat luottamustoimet?\r\n3. Ensi vuoden suunnitelmasi (ts. muut mahdolliset p\u00e4\u00e4llekk\u00e4iset projektit)\r\n\r\nSektorikohtaiset:\r\n\r\n1. Mit\u00e4 Parkki ja Monttu sinulle merkitsev\u00e4t?\r\n2. Miten kehitt\u00e4isit Monttua?\r\n3. Miten kehitt\u00e4isit Parkkia?\r\n4. Mik\u00e4 on Parkkiryhm\u00e4n rooli ja miten kehitt\u00e4isit sit\u00e4?","_et_gb_content_width":"","footnotes":""},"class_list":["post-12436","page","type-page","status-publish","has-post-thumbnail","hentry"],"yoast_head":"<!-- This site is optimized with the Yoast SEO plugin v27.2 - https:\/\/yoast.com\/product\/yoast-seo-wordpress\/ -->\n<title>Turun KY Kuntamestari<\/title>\n<meta name=\"robots\" content=\"index, follow, max-snippet:-1, max-image-preview:large, max-video-preview:-1\" \/>\n<link rel=\"canonical\" href=\"https:\/\/www.tuky.fi\/etusivu\/kuntamestari\/\" \/>\n<meta property=\"og:locale\" content=\"fi_FI\" \/>\n<meta property=\"og:type\" content=\"article\" \/>\n<meta property=\"og:title\" content=\"Turun KY Kuntamestari\" \/>\n<meta property=\"og:description\" content=\"In English below.Kuntamestari &nbsp; Mit\u00e4 hallituspestiini kuuluu? &nbsp; Kuntamestarin vastuulla ovat yhdistyksemme rakas kerhotalo Parkki ja legendaarinen Bar Monttu, eli ne kaksi asiaa, jotka mahdollistavat Turun KY:n laajan ja perinteikk\u00e4\u00e4n [&hellip;]\" \/>\n<meta property=\"og:url\" content=\"https:\/\/www.tuky.fi\/etusivu\/kuntamestari\/\" \/>\n<meta property=\"og:site_name\" content=\"Turun KY\" \/>\n<meta property=\"article:modified_time\" content=\"2026-03-29T21:20:02+00:00\" \/>\n<meta name=\"twitter:card\" content=\"summary_large_image\" \/>\n<meta name=\"twitter:label1\" content=\"Arvioitu lukuaika\" \/>\n\t<meta name=\"twitter:data1\" content=\"5 minuuttia\" \/>\n<script type=\"application\/ld+json\" class=\"yoast-schema-graph\">{\"@context\":\"https:\/\/schema.org\",\"@graph\":[{\"@type\":\"WebPage\",\"@id\":\"https:\/\/www.tuky.fi\/etusivu\/kuntamestari\/\",\"url\":\"https:\/\/www.tuky.fi\/etusivu\/kuntamestari\/\",\"name\":\"Turun KY Kuntamestari\",\"isPartOf\":{\"@id\":\"https:\/\/www.tuky.fi\/etusivu\/#website\"},\"primaryImageOfPage\":{\"@id\":\"https:\/\/www.tuky.fi\/etusivu\/kuntamestari\/#primaryimage\"},\"image\":{\"@id\":\"https:\/\/www.tuky.fi\/etusivu\/kuntamestari\/#primaryimage\"},\"thumbnailUrl\":\"\",\"datePublished\":\"2014-10-27T10:35:52+00:00\",\"dateModified\":\"2026-03-29T21:20:02+00:00\",\"breadcrumb\":{\"@id\":\"https:\/\/www.tuky.fi\/etusivu\/kuntamestari\/#breadcrumb\"},\"inLanguage\":\"fi\",\"potentialAction\":[{\"@type\":\"ReadAction\",\"target\":[\"https:\/\/www.tuky.fi\/etusivu\/kuntamestari\/\"]}]},{\"@type\":\"ImageObject\",\"inLanguage\":\"fi\",\"@id\":\"https:\/\/www.tuky.fi\/etusivu\/kuntamestari\/#primaryimage\",\"url\":\"\",\"contentUrl\":\"\"},{\"@type\":\"BreadcrumbList\",\"@id\":\"https:\/\/www.tuky.fi\/etusivu\/kuntamestari\/#breadcrumb\",\"itemListElement\":[{\"@type\":\"ListItem\",\"position\":1,\"name\":\"Etusivu\",\"item\":\"https:\/\/www.tuky.fi\/etusivu\/\"},{\"@type\":\"ListItem\",\"position\":2,\"name\":\"Kuntamestari\"}]},{\"@type\":\"WebSite\",\"@id\":\"https:\/\/www.tuky.fi\/etusivu\/#website\",\"url\":\"https:\/\/www.tuky.fi\/etusivu\/\",\"name\":\"Turun KY\",\"description\":\"TuKY\",\"publisher\":{\"@id\":\"https:\/\/www.tuky.fi\/etusivu\/#organization\"},\"alternateName\":\"TuKY\",\"potentialAction\":[{\"@type\":\"SearchAction\",\"target\":{\"@type\":\"EntryPoint\",\"urlTemplate\":\"https:\/\/www.tuky.fi\/etusivu\/?s={search_term_string}\"},\"query-input\":{\"@type\":\"PropertyValueSpecification\",\"valueRequired\":true,\"valueName\":\"search_term_string\"}}],\"inLanguage\":\"fi\"},{\"@type\":\"Organization\",\"@id\":\"https:\/\/www.tuky.fi\/etusivu\/#organization\",\"name\":\"Turun KY\",\"alternateName\":\"TuKY\",\"url\":\"https:\/\/www.tuky.fi\/etusivu\/\",\"logo\":{\"@type\":\"ImageObject\",\"inLanguage\":\"fi\",\"@id\":\"https:\/\/www.tuky.fi\/etusivu\/#\/schema\/logo\/image\/\",\"url\":\"https:\/\/www.tuky.fi\/wp-content\/uploads\/2024\/09\/TuKY-logo-kulta-1.png\",\"contentUrl\":\"https:\/\/www.tuky.fi\/wp-content\/uploads\/2024\/09\/TuKY-logo-kulta-1.png\",\"width\":1080,\"height\":1080,\"caption\":\"Turun KY\"},\"image\":{\"@id\":\"https:\/\/www.tuky.fi\/etusivu\/#\/schema\/logo\/image\/\"},\"sameAs\":[\"https:\/\/instagram.com\/turunky\",\"https:\/\/linkedin.com\/turunky\"]}]}<\/script>\n<!-- \/ Yoast SEO plugin. -->","yoast_head_json":{"title":"Turun KY Kuntamestari","robots":{"index":"index","follow":"follow","max-snippet":"max-snippet:-1","max-image-preview":"max-image-preview:large","max-video-preview":"max-video-preview:-1"},"canonical":"https:\/\/www.tuky.fi\/etusivu\/kuntamestari\/","og_locale":"fi_FI","og_type":"article","og_title":"Turun KY Kuntamestari","og_description":"In English below.Kuntamestari &nbsp; Mit\u00e4 hallituspestiini kuuluu? &nbsp; Kuntamestarin vastuulla ovat yhdistyksemme rakas kerhotalo Parkki ja legendaarinen Bar Monttu, eli ne kaksi asiaa, jotka mahdollistavat Turun KY:n laajan ja perinteikk\u00e4\u00e4n [&hellip;]","og_url":"https:\/\/www.tuky.fi\/etusivu\/kuntamestari\/","og_site_name":"Turun KY","article_modified_time":"2026-03-29T21:20:02+00:00","twitter_card":"summary_large_image","twitter_misc":{"Arvioitu lukuaika":"5 minuuttia"},"schema":{"@context":"https:\/\/schema.org","@graph":[{"@type":"WebPage","@id":"https:\/\/www.tuky.fi\/etusivu\/kuntamestari\/","url":"https:\/\/www.tuky.fi\/etusivu\/kuntamestari\/","name":"Turun KY Kuntamestari","isPartOf":{"@id":"https:\/\/www.tuky.fi\/etusivu\/#website"},"primaryImageOfPage":{"@id":"https:\/\/www.tuky.fi\/etusivu\/kuntamestari\/#primaryimage"},"image":{"@id":"https:\/\/www.tuky.fi\/etusivu\/kuntamestari\/#primaryimage"},"thumbnailUrl":"","datePublished":"2014-10-27T10:35:52+00:00","dateModified":"2026-03-29T21:20:02+00:00","breadcrumb":{"@id":"https:\/\/www.tuky.fi\/etusivu\/kuntamestari\/#breadcrumb"},"inLanguage":"fi","potentialAction":[{"@type":"ReadAction","target":["https:\/\/www.tuky.fi\/etusivu\/kuntamestari\/"]}]},{"@type":"ImageObject","inLanguage":"fi","@id":"https:\/\/www.tuky.fi\/etusivu\/kuntamestari\/#primaryimage","url":"","contentUrl":""},{"@type":"BreadcrumbList","@id":"https:\/\/www.tuky.fi\/etusivu\/kuntamestari\/#breadcrumb","itemListElement":[{"@type":"ListItem","position":1,"name":"Etusivu","item":"https:\/\/www.tuky.fi\/etusivu\/"},{"@type":"ListItem","position":2,"name":"Kuntamestari"}]},{"@type":"WebSite","@id":"https:\/\/www.tuky.fi\/etusivu\/#website","url":"https:\/\/www.tuky.fi\/etusivu\/","name":"Turun KY","description":"TuKY","publisher":{"@id":"https:\/\/www.tuky.fi\/etusivu\/#organization"},"alternateName":"TuKY","potentialAction":[{"@type":"SearchAction","target":{"@type":"EntryPoint","urlTemplate":"https:\/\/www.tuky.fi\/etusivu\/?s={search_term_string}"},"query-input":{"@type":"PropertyValueSpecification","valueRequired":true,"valueName":"search_term_string"}}],"inLanguage":"fi"},{"@type":"Organization","@id":"https:\/\/www.tuky.fi\/etusivu\/#organization","name":"Turun KY","alternateName":"TuKY","url":"https:\/\/www.tuky.fi\/etusivu\/","logo":{"@type":"ImageObject","inLanguage":"fi","@id":"https:\/\/www.tuky.fi\/etusivu\/#\/schema\/logo\/image\/","url":"https:\/\/www.tuky.fi\/wp-content\/uploads\/2024\/09\/TuKY-logo-kulta-1.png","contentUrl":"https:\/\/www.tuky.fi\/wp-content\/uploads\/2024\/09\/TuKY-logo-kulta-1.png","width":1080,"height":1080,"caption":"Turun KY"},"image":{"@id":"https:\/\/www.tuky.fi\/etusivu\/#\/schema\/logo\/image\/"},"sameAs":["https:\/\/instagram.com\/turunky","https:\/\/linkedin.com\/turunky"]}]}},"lang":"fi","translations":{"fi":12436},"pll_sync_post":[],"_links":{"self":[{"href":"https:\/\/www.tuky.fi\/etusivu\/wp-json\/wp\/v2\/pages\/12436","targetHints":{"allow":["GET"]}}],"collection":[{"href":"https:\/\/www.tuky.fi\/etusivu\/wp-json\/wp\/v2\/pages"}],"about":[{"href":"https:\/\/www.tuky.fi\/etusivu\/wp-json\/wp\/v2\/types\/page"}],"author":[{"embeddable":true,"href":"https:\/\/www.tuky.fi\/etusivu\/wp-json\/wp\/v2\/users\/1"}],"replies":[{"embeddable":true,"href":"https:\/\/www.tuky.fi\/etusivu\/wp-json\/wp\/v2\/comments?post=12436"}],"version-history":[{"count":1,"href":"https:\/\/www.tuky.fi\/etusivu\/wp-json\/wp\/v2\/pages\/12436\/revisions"}],"predecessor-version":[{"id":53153,"href":"https:\/\/www.tuky.fi\/etusivu\/wp-json\/wp\/v2\/pages\/12436\/revisions\/53153"}],"wp:featuredmedia":[{"embeddable":true,"href":"https:\/\/www.tuky.fi\/etusivu\/wp-json\/"}],"wp:attachment":[{"href":"https:\/\/www.tuky.fi\/etusivu\/wp-json\/wp\/v2\/media?parent=12436"}],"curies":[{"name":"wp","href":"https:\/\/api.w.org\/{rel}","templated":true}]}}