{"id":12429,"date":"2014-10-27T12:32:36","date_gmt":"2014-10-27T10:32:36","guid":{"rendered":"http:\/\/tuky.fi\/?page_id=12429"},"modified":"2026-04-08T14:37:28","modified_gmt":"2026-04-08T11:37:28","slug":"paasektori-pj-vpj","status":"publish","type":"page","link":"https:\/\/www.tuky.fi\/etusivu\/paasektori-pj-vpj\/","title":{"rendered":"P\u00e4\u00e4sektori (PJ &#038; VPJ)"},"content":{"rendered":"","protected":false},"excerpt":{"rendered":"","protected":false},"author":43,"featured_media":16132,"parent":0,"menu_order":1,"comment_status":"open","ping_status":"open","template":"","meta":{"_et_pb_use_builder":"on","_et_pb_old_content":"<h2 style=\"text-align: center;\">Puheenjohtaja<\/h2>\r\n<b>\u00a0<\/b>\r\n\r\n[caption id=\"attachment_17180\" align=\"aligncenter\" width=\"200\"]<img class=\"wp-image-17180\" src=\"http:\/\/turunky.fi\/wordpress\/wp-content\/uploads\/2011\/08\/Paula-netti-755x1024.jpg\" alt=\"Paula_netti\" width=\"200\" height=\"271\" \/> Paula Peltomaa[\/caption]\r\n\r\n\u00a0\r\n\r\n<strong>Mit\u00e4 hallituspestiini kuuluu?<\/strong>\r\n\r\nPuheenjohtajan rooli on todella laaja ja monipuolinen; se sis\u00e4lt\u00e4\u00e4 niin johtajana, esimiehen\u00e4, viestij\u00e4n\u00e4, sparraajana, edunvalvojana, esimerkkin\u00e4 kuin edustajanakin toimimista.\r\n\r\nKeskeisin ja t\u00e4rkein teht\u00e4v\u00e4 on toimia hallituksen johtajana sek\u00e4 ty\u00f6ntekij\u00f6iden ja luottamustoimien ylimp\u00e4n\u00e4 esimiehen\u00e4. Teht\u00e4v\u00e4ss\u00e4 oppii runsaasti k\u00e4yt\u00e4nn\u00f6n johtamisesta ja organisoinnista sek\u00e4 vastuunkantamisesta. P\u00e4\u00e4sektori (PJ ja VPJ) yhdess\u00e4 pyrkii jatkuvasti sparraamaan, kannustamaan ja tukemaan eri Turun KY:n toimijoita teht\u00e4viss\u00e4\u00e4n. Yhdess\u00e4 muiden hallituslaisten, hallinnon opiskelijaedustajien ja muiden edunvalvontaa tekevien kanssa puheenjohtaja tekee jatkuvaa edunvalvontaty\u00f6t\u00e4 usean eri yhteisty\u00f6tahon kanssa. Puheenjohtaja on eritt\u00e4in t\u00e4rke\u00e4 linkki etenkin Turun kauppakorkeakoulun, Suomen Ekonomien, Turun seudun ekonomien sek\u00e4 Turun yliopiston ylioppilaskunnan suuntaan.\r\n\r\nPuheenjohtaja toimii my\u00f6s esimerkkin\u00e4 yhdistyksen jokap\u00e4iv\u00e4isess\u00e4 toiminnassa. H\u00e4n toimii k\u00e4yt\u00e4nn\u00f6ss\u00e4 yhdistyksen kasvoina ja siksi on t\u00e4rke\u00e4\u00e4 pysy\u00e4 aktiivisena ulosp\u00e4in. Jatkuva proaktiivisuus ja reaktiivisuus on keskeist\u00e4 niin Turussa kuin kansallisestikin, ja siksi esimerkiksi asioista tiedottaminen ja asioiden eteenp\u00e4in vieminen on merkitt\u00e4v\u00e4 osa puheenjohtajan teht\u00e4v\u00e4\u00e4. N\u00e4in ollen\u00a0rooli viestij\u00e4n\u00e4 yhdess\u00e4 hallituksen viestint\u00e4vastaavan kanssa on keskeisess\u00e4 asemassa. My\u00f6s toimiminen j\u00e4senist\u00f6n \u00e4\u00e4nitorvena ulosp\u00e4in kuuluu puheenjohtajan teht\u00e4viin.\r\n\r\nPuheenjohtajan teht\u00e4v\u00e4 on yksi antoisimmasta, mit\u00e4 Turun KY:ll\u00e4 on. Vuosi on ollut yksi opettavaisimmista: olen oppinut niin johtamistaitoja kuin ihmistuntemusta. Lis\u00e4ksi olen p\u00e4\u00e4ssyt luomaan suhteita eritt\u00e4in mielenkiintoisiin toimijoihin sek\u00e4 kokemaan asioita, joita ei muuten kokisi. Pestiin ryhtyminen vaatii rohkeutta ja omistautumista, mutta t\u00e4m\u00e4n vuoden perusteella voin rehellisesti todeta, ett\u00e4 se todellakin kannattaa.\r\n\r\nMik\u00e4li sinulla on kysytt\u00e4v\u00e4\u00e4 hallituspestiini tai yleisesti hallitushakuun liittyen, ota rohkeasti yhteytt\u00e4 laittamalla s\u00e4hk\u00f6postia osoitteeseen <a href=\"mailto:puheenjohtaja@tuky.fi\">puheenjohtaja@tuky.fi<\/a>.\r\n\r\n\u00a0\r\n\r\n[separator]\r\n\r\n\u00a0\r\n<h2 style=\"text-align: center;\">Varapuheenjohtaja<\/h2>\r\n\u00a0\r\n\r\n[caption id=\"attachment_18926\" align=\"aligncenter\" width=\"219\"]<img class=\"wp-image-18926\" src=\"http:\/\/turunky.fi\/wordpress\/wp-content\/uploads\/2016\/09\/Santtu-e1477403450541-838x1024.jpg\" alt=\"santtu\" width=\"219\" height=\"267\" \/> Santeri Kangas[\/caption]\r\n\r\n\u00a0\r\n\r\n<b>Mit\u00e4 hallituspestiini kuuluu?<\/b>\r\n\r\nVarapuheenjohtajan pesti eroaa mielest\u00e4ni aika paljon kaikista muista hallituspesteist\u00e4. Toimin luonnollisesti puheenjohtajan oikeana k\u00e4ten\u00e4 ja tarvittaessa vaikka vasempana jalkana, ja tuen h\u00e4nt\u00e4 sek\u00e4 muuta hallitusta parhaan kykyni mukaan. Lis\u00e4ksi valmistelemme p\u00e4\u00e4sektorin ja hallituksen yleisi\u00e4 asioita yhdess\u00e4 puheenjohtajan kanssa. Kyseinen pesti muovautuu aina vuoden aikana ja siin\u00e4 saa itse painotettua niit\u00e4 asioita, jotka tuntuvat kunakin vuonna t\u00e4rkeilt\u00e4 tai ajankohtaisilta. Ainakin itse olen ollut my\u00f6s niin sanottu hallituksen yleismies tilanteessa kuin tilanteessa, joka rient\u00e4\u00e4 autollaan pelastamaan muita pulasta tai opastaa kavereita Lyytin saloihin.\r\n\r\nP\u00e4\u00e4sektorin lis\u00e4ksi vastuullani ovat my\u00f6s Turun KY:n toimijaryhm\u00e4t, alumnitoiminta ja Turun KY:n vappu. Tarkoituksena on my\u00f6s lis\u00e4t\u00e4 yhteisty\u00f6t\u00e4 oman ylioppilaskuntamme, TYYn suuntaan ja toivottavasti tuleva varapuheenjohtaja tulee olemaan linkki Turun KY:n ja TYYn v\u00e4lill\u00e4.\r\n\r\nToimijaryhm\u00e4sektorilla teht\u00e4v\u00e4n\u00e4 on olla tarvittaessa tukena toiminnan py\u00f6ritt\u00e4misess\u00e4. Teht\u00e4v\u00e4\u00e4n kuuluu my\u00f6s toimia linkkin\u00e4 Turun KY:n ja toimijaryhmien v\u00e4lill\u00e4 sek\u00e4 j\u00e4rjest\u00e4\u00e4 kaikki tarpeelliset koulutukset, tiedottaa heit\u00e4 koskettavista asioista ja auttaa tarvittaessa mm. TYYn toiminta-avustusten laatimisessa.\r\n\r\nAlumnisektori on my\u00f6s nostanut profiiliaan merkitt\u00e4v\u00e4sti viime vuosina ja olemmekin nyky\u00e4\u00e4n olennainen osa kauppakorkean alumnitoimintaa. VPJ istuu mandaatilla alumnitoiminnan ty\u00f6ryhm\u00e4ss\u00e4 edelt\u00e4j\u00e4ns\u00e4 kanssa. Toivon ett\u00e4 seuraajani tulee kehitt\u00e4m\u00e4\u00e4n my\u00f6s meid\u00e4n omien, Turun KY:n alumnien alumnitoimintaa eteenp\u00e4in tulevana vuonna.\r\n\r\nLis\u00e4ksi yhdess\u00e4 Suomen Ekonomien ja Turun seudun ekonomien kanssa j\u00e4rjestett\u00e4v\u00e4 mentorointi kuuluu VPJ:n vastuulle. T\u00e4n\u00e4 vuonna varapuheenjohtaja on my\u00f6s istunut Nelikantaty\u00f6ryhm\u00e4n (Turun KY, Merkantila Klubben, Turun Seudun Ekonomit ja Merkur) kokouksissa, joka pyrkii edist\u00e4m\u00e4\u00e4n Turun seudulla toimivien ekonomitahojen v\u00e4list\u00e4 yhteisty\u00f6t\u00e4.\r\n\r\nVarapuheenjohtajalla on my\u00f6s vastuullaan yhten\u00e4isen Turun KY:n vapun j\u00e4rjest\u00e4misen organisointi luonnollisesti muun hallituksen, jaostojen ja muiden yhteisty\u00f6kumppaneiden kanssa. N\u00e4in on tehty nyt jo kolme vuotta, ja toiminta on mennyt vuosi vuodelta eteenp\u00e4in ja uudet ideat ovat aina tervetulleita. Oman lusikkani laitoin Vappusoppiin luomalla MayDay Mayhemin yhdess\u00e4 OPKAn kanssa viime vuonna ja toivon, ett\u00e4 ensi vuonna VPJ tekee Turun KY:n Vapusta viel\u00e4kin tapahtumarikkaamman ja ehj\u00e4n kokonaisuuden!\r\n\r\n\u00a0\r\n\r\nMik\u00e4li sinulla on kysytt\u00e4v\u00e4\u00e4 hallituspestiini liittyen, voit laittaa s\u00e4hk\u00f6postia osoitteeseen <a href=\"mailto:vpj@tuky.fi\">vpj@tuky.fi<\/a>.\r\n\r\n\u00a0\r\n<div title=\"Page 1\">\r\n\r\n[separator]\r\n\r\n\u00a0\r\n\r\n<strong>Kysymykset (Huom! Puheenjohtajalle ja varapuheenjohtajalle on erilliset kysymykset)<\/strong>\r\n\r\n\u00a0\r\n\r\nYleiset:\r\n\r\n1. Nimi ja vuosikurssi\r\n2. Aktiivisuutesi Turun KY:ll\u00e4 ja muut aiemmat luottamustoimet?\r\n3. Ensi vuoden suunnitelmasi\u00a0(ts. muut mahdolliset p\u00e4\u00e4llekk\u00e4iset projektit)\r\n\r\n\u00a0\r\n\r\n<strong>\u00a0Puheenjohtaja:\r\n<\/strong>\r\n\r\n1. Mink\u00e4lainen johtaja olet ja mitk\u00e4 ovat PJ:n t\u00e4rkeimm\u00e4t teht\u00e4v\u00e4t?\r\n2. Miten aikataulutat arkeasi ja pid\u00e4t huolta jaksamisestasi?\r\n3. Mink\u00e4laisena n\u00e4et p\u00e4\u00e4sektorin v\u00e4lisen yhteisty\u00f6n ja ty\u00f6njaon, millaista edunvalvontaa he toteuttavat?\r\n4. Mik\u00e4 on Turun KY:ss\u00e4 t\u00e4ll\u00e4 hetkell\u00e4 vikana? Mitk\u00e4 ovat Turun KY:n ensisijaiset kehityskohteet?\r\n\r\n<\/div>\r\n\u00a0\r\n\r\n<strong>Varapuheenjohtaja:<\/strong>\r\n\r\n1. Mink\u00e4laista edunvalvontaa p\u00e4\u00e4sektorin (PJ ja VPJ) tulee tehd\u00e4?\r\n2. Mink\u00e4laisena n\u00e4et puheenjohtajan ja varapuheenjohtajan v\u00e4lisen yhteisty\u00f6n ja ty\u00f6njaon?\r\n3. Miten kehitt\u00e4isit toimijaryhm\u00e4sektoria?\r\n4. Miten edist\u00e4isit Turun KY:n ja TYYn v\u00e4list\u00e4 kommunikaatiota?\r\n5. Kerro mink\u00e4laisesta alumnitoiminnasta sin\u00e4 olisit kiinnostunut, mink\u00e4laisena olet n\u00e4hnyt sen t\u00e4h\u00e4n menness\u00e4 Turun KY:ss\u00e4 ja miten l\u00e4htisit parantamaan sit\u00e4 Turun KY:n alumneille?\r\n\r\n\u00a0\r\n\r\n<strong>Huom!<\/strong>\r\n\r\nUseita t\u00e4rkeit\u00e4 p\u00e4iv\u00e4m\u00e4\u00e4ri\u00e4 on jo varmistunut <strong>tulevalle puheenjohtajalle<\/strong>, joten varaathan kalenteriin seuraavat ajankohdat:\r\n<ul>\r\n \t<li>(Mahdollisesti: 18.-19.11. Suomen ylioppilaskuntien liiton liittokokous)<\/li>\r\n \t<li>30.11. TSE ry:n syyskokous (iltap\u00e4iv\u00e4)<\/li>\r\n \t<li>2.-4.12. SSHV:n vuosijuhlat<\/li>\r\n \t<li>7.-8.12. Suomen ekonomien kylteripuheenjohtajien verkoston vaihtoseminaari<\/li>\r\n \t<li>28.11. Hallituksen ensimm\u00e4inen koulutusilta<\/li>\r\n \t<li>5.12. Hallituksen toinen koulutusilta<\/li>\r\n \t<li>17.-18.12. Hallituksen koulutusviikonloppu<\/li>\r\n<\/ul>","_et_gb_content_width":"","footnotes":""},"class_list":["post-12429","page","type-page","status-publish","has-post-thumbnail","hentry"],"yoast_head":"<!-- This site is optimized with the Yoast SEO plugin v27.2 - https:\/\/yoast.com\/product\/yoast-seo-wordpress\/ -->\n<title>Turun KY P\u00e4\u00e4sektori (PJ &amp; VPJ)<\/title>\n<meta name=\"robots\" content=\"index, follow, max-snippet:-1, max-image-preview:large, max-video-preview:-1\" \/>\n<link rel=\"canonical\" href=\"https:\/\/www.tuky.fi\/etusivu\/paasektori-pj-vpj\/\" \/>\n<meta property=\"og:locale\" content=\"fi_FI\" \/>\n<meta property=\"og:type\" content=\"article\" \/>\n<meta property=\"og:title\" content=\"Turun KY P\u00e4\u00e4sektori (PJ &amp; VPJ)\" \/>\n<meta property=\"og:url\" content=\"https:\/\/www.tuky.fi\/etusivu\/paasektori-pj-vpj\/\" \/>\n<meta property=\"og:site_name\" content=\"Turun KY\" \/>\n<meta property=\"article:modified_time\" content=\"2026-04-08T11:37:28+00:00\" \/>\n<meta name=\"twitter:card\" content=\"summary_large_image\" \/>\n<script type=\"application\/ld+json\" class=\"yoast-schema-graph\">{\"@context\":\"https:\/\/schema.org\",\"@graph\":[{\"@type\":\"WebPage\",\"@id\":\"https:\/\/www.tuky.fi\/etusivu\/paasektori-pj-vpj\/\",\"url\":\"https:\/\/www.tuky.fi\/etusivu\/paasektori-pj-vpj\/\",\"name\":\"Turun KY P\u00e4\u00e4sektori (PJ & VPJ)\",\"isPartOf\":{\"@id\":\"https:\/\/www.tuky.fi\/etusivu\/#website\"},\"primaryImageOfPage\":{\"@id\":\"https:\/\/www.tuky.fi\/etusivu\/paasektori-pj-vpj\/#primaryimage\"},\"image\":{\"@id\":\"https:\/\/www.tuky.fi\/etusivu\/paasektori-pj-vpj\/#primaryimage\"},\"thumbnailUrl\":\"\",\"datePublished\":\"2014-10-27T10:32:36+00:00\",\"dateModified\":\"2026-04-08T11:37:28+00:00\",\"breadcrumb\":{\"@id\":\"https:\/\/www.tuky.fi\/etusivu\/paasektori-pj-vpj\/#breadcrumb\"},\"inLanguage\":\"fi\",\"potentialAction\":[{\"@type\":\"ReadAction\",\"target\":[\"https:\/\/www.tuky.fi\/etusivu\/paasektori-pj-vpj\/\"]}]},{\"@type\":\"ImageObject\",\"inLanguage\":\"fi\",\"@id\":\"https:\/\/www.tuky.fi\/etusivu\/paasektori-pj-vpj\/#primaryimage\",\"url\":\"\",\"contentUrl\":\"\"},{\"@type\":\"BreadcrumbList\",\"@id\":\"https:\/\/www.tuky.fi\/etusivu\/paasektori-pj-vpj\/#breadcrumb\",\"itemListElement\":[{\"@type\":\"ListItem\",\"position\":1,\"name\":\"Etusivu\",\"item\":\"https:\/\/www.tuky.fi\/etusivu\/\"},{\"@type\":\"ListItem\",\"position\":2,\"name\":\"P\u00e4\u00e4sektori (PJ &#038; VPJ)\"}]},{\"@type\":\"WebSite\",\"@id\":\"https:\/\/www.tuky.fi\/etusivu\/#website\",\"url\":\"https:\/\/www.tuky.fi\/etusivu\/\",\"name\":\"Turun KY\",\"description\":\"TuKY\",\"publisher\":{\"@id\":\"https:\/\/www.tuky.fi\/etusivu\/#organization\"},\"alternateName\":\"TuKY\",\"potentialAction\":[{\"@type\":\"SearchAction\",\"target\":{\"@type\":\"EntryPoint\",\"urlTemplate\":\"https:\/\/www.tuky.fi\/etusivu\/?s={search_term_string}\"},\"query-input\":{\"@type\":\"PropertyValueSpecification\",\"valueRequired\":true,\"valueName\":\"search_term_string\"}}],\"inLanguage\":\"fi\"},{\"@type\":\"Organization\",\"@id\":\"https:\/\/www.tuky.fi\/etusivu\/#organization\",\"name\":\"Turun KY\",\"alternateName\":\"TuKY\",\"url\":\"https:\/\/www.tuky.fi\/etusivu\/\",\"logo\":{\"@type\":\"ImageObject\",\"inLanguage\":\"fi\",\"@id\":\"https:\/\/www.tuky.fi\/etusivu\/#\/schema\/logo\/image\/\",\"url\":\"https:\/\/www.tuky.fi\/wp-content\/uploads\/2024\/09\/TuKY-logo-kulta-1.png\",\"contentUrl\":\"https:\/\/www.tuky.fi\/wp-content\/uploads\/2024\/09\/TuKY-logo-kulta-1.png\",\"width\":1080,\"height\":1080,\"caption\":\"Turun KY\"},\"image\":{\"@id\":\"https:\/\/www.tuky.fi\/etusivu\/#\/schema\/logo\/image\/\"},\"sameAs\":[\"https:\/\/instagram.com\/turunky\",\"https:\/\/linkedin.com\/turunky\"]}]}<\/script>\n<!-- \/ Yoast SEO plugin. -->","yoast_head_json":{"title":"Turun KY P\u00e4\u00e4sektori (PJ & VPJ)","robots":{"index":"index","follow":"follow","max-snippet":"max-snippet:-1","max-image-preview":"max-image-preview:large","max-video-preview":"max-video-preview:-1"},"canonical":"https:\/\/www.tuky.fi\/etusivu\/paasektori-pj-vpj\/","og_locale":"fi_FI","og_type":"article","og_title":"Turun KY P\u00e4\u00e4sektori (PJ & VPJ)","og_url":"https:\/\/www.tuky.fi\/etusivu\/paasektori-pj-vpj\/","og_site_name":"Turun KY","article_modified_time":"2026-04-08T11:37:28+00:00","twitter_card":"summary_large_image","schema":{"@context":"https:\/\/schema.org","@graph":[{"@type":"WebPage","@id":"https:\/\/www.tuky.fi\/etusivu\/paasektori-pj-vpj\/","url":"https:\/\/www.tuky.fi\/etusivu\/paasektori-pj-vpj\/","name":"Turun KY P\u00e4\u00e4sektori (PJ & VPJ)","isPartOf":{"@id":"https:\/\/www.tuky.fi\/etusivu\/#website"},"primaryImageOfPage":{"@id":"https:\/\/www.tuky.fi\/etusivu\/paasektori-pj-vpj\/#primaryimage"},"image":{"@id":"https:\/\/www.tuky.fi\/etusivu\/paasektori-pj-vpj\/#primaryimage"},"thumbnailUrl":"","datePublished":"2014-10-27T10:32:36+00:00","dateModified":"2026-04-08T11:37:28+00:00","breadcrumb":{"@id":"https:\/\/www.tuky.fi\/etusivu\/paasektori-pj-vpj\/#breadcrumb"},"inLanguage":"fi","potentialAction":[{"@type":"ReadAction","target":["https:\/\/www.tuky.fi\/etusivu\/paasektori-pj-vpj\/"]}]},{"@type":"ImageObject","inLanguage":"fi","@id":"https:\/\/www.tuky.fi\/etusivu\/paasektori-pj-vpj\/#primaryimage","url":"","contentUrl":""},{"@type":"BreadcrumbList","@id":"https:\/\/www.tuky.fi\/etusivu\/paasektori-pj-vpj\/#breadcrumb","itemListElement":[{"@type":"ListItem","position":1,"name":"Etusivu","item":"https:\/\/www.tuky.fi\/etusivu\/"},{"@type":"ListItem","position":2,"name":"P\u00e4\u00e4sektori (PJ &#038; VPJ)"}]},{"@type":"WebSite","@id":"https:\/\/www.tuky.fi\/etusivu\/#website","url":"https:\/\/www.tuky.fi\/etusivu\/","name":"Turun KY","description":"TuKY","publisher":{"@id":"https:\/\/www.tuky.fi\/etusivu\/#organization"},"alternateName":"TuKY","potentialAction":[{"@type":"SearchAction","target":{"@type":"EntryPoint","urlTemplate":"https:\/\/www.tuky.fi\/etusivu\/?s={search_term_string}"},"query-input":{"@type":"PropertyValueSpecification","valueRequired":true,"valueName":"search_term_string"}}],"inLanguage":"fi"},{"@type":"Organization","@id":"https:\/\/www.tuky.fi\/etusivu\/#organization","name":"Turun KY","alternateName":"TuKY","url":"https:\/\/www.tuky.fi\/etusivu\/","logo":{"@type":"ImageObject","inLanguage":"fi","@id":"https:\/\/www.tuky.fi\/etusivu\/#\/schema\/logo\/image\/","url":"https:\/\/www.tuky.fi\/wp-content\/uploads\/2024\/09\/TuKY-logo-kulta-1.png","contentUrl":"https:\/\/www.tuky.fi\/wp-content\/uploads\/2024\/09\/TuKY-logo-kulta-1.png","width":1080,"height":1080,"caption":"Turun KY"},"image":{"@id":"https:\/\/www.tuky.fi\/etusivu\/#\/schema\/logo\/image\/"},"sameAs":["https:\/\/instagram.com\/turunky","https:\/\/linkedin.com\/turunky"]}]}},"lang":"fi","translations":{"fi":12429,"en":51558},"pll_sync_post":[],"_links":{"self":[{"href":"https:\/\/www.tuky.fi\/etusivu\/wp-json\/wp\/v2\/pages\/12429","targetHints":{"allow":["GET"]}}],"collection":[{"href":"https:\/\/www.tuky.fi\/etusivu\/wp-json\/wp\/v2\/pages"}],"about":[{"href":"https:\/\/www.tuky.fi\/etusivu\/wp-json\/wp\/v2\/types\/page"}],"author":[{"embeddable":true,"href":"https:\/\/www.tuky.fi\/etusivu\/wp-json\/wp\/v2\/users\/43"}],"replies":[{"embeddable":true,"href":"https:\/\/www.tuky.fi\/etusivu\/wp-json\/wp\/v2\/comments?post=12429"}],"version-history":[{"count":1,"href":"https:\/\/www.tuky.fi\/etusivu\/wp-json\/wp\/v2\/pages\/12429\/revisions"}],"predecessor-version":[{"id":53148,"href":"https:\/\/www.tuky.fi\/etusivu\/wp-json\/wp\/v2\/pages\/12429\/revisions\/53148"}],"wp:featuredmedia":[{"embeddable":true,"href":"https:\/\/www.tuky.fi\/etusivu\/wp-json\/"}],"wp:attachment":[{"href":"https:\/\/www.tuky.fi\/etusivu\/wp-json\/wp\/v2\/media?parent=12429"}],"curies":[{"name":"wp","href":"https:\/\/api.w.org\/{rel}","templated":true}]}}